CRAN Package Check Results for Package lawstat

Last updated on 2021-05-11 23:50:46 CEST.

Flavor Version Tinstall Tcheck Ttotal Status Flags
r-devel-linux-x86_64-debian-clang 3.4 7.28 50.92 58.20 OK
r-devel-linux-x86_64-debian-gcc 3.4 5.64 39.62 45.26 OK
r-devel-linux-x86_64-fedora-clang 3.4 79.19 NOTE
r-devel-linux-x86_64-fedora-gcc 3.4 67.66 OK
r-devel-windows-ix86+x86_64 3.4 9.00 69.00 78.00 OK
r-devel-windows-x86_64-gcc10-UCRT 3.4 OK
r-patched-linux-x86_64 3.4 6.08 50.45 56.53 OK
r-patched-solaris-x86 3.4 93.30 OK
r-release-linux-x86_64 3.4 5.15 50.14 55.29 OK
r-release-macos-x86_64 3.4 OK
r-release-windows-ix86+x86_64 3.4 9.00 52.00 61.00 OK
r-oldrel-macos-x86_64 3.4 OK
r-oldrel-windows-ix86+x86_64 3.4 11.00 67.00 78.00 OK

Check Details

Version: 3.4
Check: Rd cross-references
Result: NOTE
    Undeclared packages ‘VGAM’, ‘tseries’ in Rd xrefs
Flavor: r-devel-linux-x86_64-fedora-clang