CRAN Package Check Results for Package l0ara

Last updated on 2021-06-19 10:52:05 CEST.

Flavor Version Tinstall Tcheck Ttotal Status Flags
r-devel-linux-x86_64-debian-clang 0.1.6 34.96 29.26 64.22 NOTE
r-devel-linux-x86_64-debian-gcc 0.1.6 25.77 23.29 49.06 NOTE
r-devel-linux-x86_64-fedora-clang 0.1.6 97.87 NOTE
r-devel-linux-x86_64-fedora-gcc 0.1.6 82.16 NOTE
r-devel-windows-x86_64 0.1.6 44.00 48.00 92.00 NOTE
r-devel-windows-x86_64-gcc10-UCRT 0.1.6 NOTE
r-patched-linux-x86_64 0.1.6 29.86 28.52 58.38 NOTE
r-patched-solaris-x86 0.1.6 86.90 NOTE
r-release-linux-x86_64 0.1.6 28.19 28.36 56.55 NOTE
r-release-macos-arm64 0.1.6 NOTE
r-release-macos-x86_64 0.1.6 NOTE
r-release-windows-ix86+x86_64 0.1.6 86.00 55.00 141.00 NOTE
r-oldrel-macos-x86_64 0.1.6 OK
r-oldrel-windows-ix86+x86_64 0.1.6 65.00 70.00 135.00 OK

Check Details

Version: 0.1.6
Check: LazyData
Result: NOTE
     'LazyData' is specified without a 'data' directory
Flavors: r-devel-linux-x86_64-debian-clang, r-devel-linux-x86_64-debian-gcc, r-devel-linux-x86_64-fedora-clang, r-devel-linux-x86_64-fedora-gcc, r-devel-windows-x86_64, r-devel-windows-x86_64-gcc10-UCRT, r-patched-linux-x86_64, r-patched-solaris-x86, r-release-linux-x86_64, r-release-macos-arm64, r-release-macos-x86_64, r-release-windows-ix86+x86_64