CRAN Package Check Results for Package kvh

Last updated on 2021-06-17 23:49:27 CEST.

Flavor Version Tinstall Tcheck Ttotal Status Flags
r-devel-linux-x86_64-debian-clang 1.4.1 22.36 28.70 51.06 NOTE
r-devel-linux-x86_64-debian-gcc 1.4.1 13.96 22.31 36.27 NOTE
r-devel-linux-x86_64-fedora-clang 1.4.1 77.10 NOTE
r-devel-linux-x86_64-fedora-gcc 1.4.1 61.89 NOTE
r-devel-windows-x86_64 1.4.1 30.00 45.00 75.00 OK
r-devel-windows-x86_64-gcc10-UCRT 1.4.1 OK
r-patched-linux-x86_64 1.4.1 17.40 27.33 44.73 NOTE
r-patched-solaris-x86 1.4.1 74.70 NOTE
r-release-linux-x86_64 1.4.1 17.60 27.42 45.02 NOTE
r-release-macos-arm64 1.4.1 OK
r-release-macos-x86_64 1.4.1 OK
r-release-windows-ix86+x86_64 1.4.1 53.00 67.00 120.00 OK
r-oldrel-macos-x86_64 1.4.1 OK
r-oldrel-windows-ix86+x86_64 1.4.1 42.00 70.00 112.00 OK

Check Details

Version: 1.4.1
Check: for non-standard things in the check directory
Result: NOTE
    Found the following files/directories:
     'm.kvh' 'test.kvh'
Flavors: r-devel-linux-x86_64-debian-clang, r-devel-linux-x86_64-debian-gcc, r-devel-linux-x86_64-fedora-clang, r-devel-linux-x86_64-fedora-gcc, r-patched-linux-x86_64, r-patched-solaris-x86, r-release-linux-x86_64