CRAN Package Check Results for Package kriens

Last updated on 2021-06-21 10:52:37 CEST.

Flavor Version Tinstall Tcheck Ttotal Status Flags
r-devel-linux-x86_64-debian-clang 0.1 1.81 23.83 25.64 NOTE
r-devel-linux-x86_64-debian-gcc 0.1 1.47 18.89 20.36 NOTE
r-devel-linux-x86_64-fedora-clang 0.1 40.02 NOTE
r-devel-linux-x86_64-fedora-gcc 0.1 30.24 NOTE
r-devel-windows-x86_64 0.1 3.00 29.00 32.00 NOTE
r-devel-windows-x86_64-gcc10-UCRT 0.1 NOTE
r-patched-linux-x86_64 0.1 1.83 23.13 24.96 NOTE
r-patched-solaris-x86 0.1 46.10 NOTE
r-release-linux-x86_64 0.1 1.51 23.05 24.56 NOTE
r-release-macos-arm64 0.1 NOTE
r-release-macos-x86_64 0.1 NOTE
r-release-windows-ix86+x86_64 0.1 4.00 39.00 43.00 NOTE
r-oldrel-macos-x86_64 0.1 OK

Check Details

Version: 0.1
Check: LazyData
Result: NOTE
     'LazyData' is specified without a 'data' directory
Flavors: r-devel-linux-x86_64-debian-clang, r-devel-linux-x86_64-debian-gcc, r-devel-linux-x86_64-fedora-clang, r-devel-linux-x86_64-fedora-gcc, r-devel-windows-x86_64, r-devel-windows-x86_64-gcc10-UCRT, r-patched-linux-x86_64, r-patched-solaris-x86, r-release-linux-x86_64, r-release-macos-arm64, r-release-macos-x86_64, r-release-windows-ix86+x86_64