CRAN Package Check Results for Package koRpus

Last updated on 2021-06-13 23:49:10 CEST.

Flavor Version Tinstall Tcheck Ttotal Status Flags
r-devel-linux-x86_64-debian-clang 0.13-8 27.03 170.00 197.03 NOTE
r-devel-linux-x86_64-debian-gcc 0.13-8 18.66 122.13 140.79 NOTE
r-devel-linux-x86_64-fedora-clang 0.13-8 236.89 NOTE
r-devel-linux-x86_64-fedora-gcc 0.13-8 222.03 NOTE
r-devel-windows-x86_64 0.13-8 38.00 213.00 251.00 NOTE
r-devel-windows-x86_64-gcc10-UCRT 0.13-8 NOTE
r-patched-linux-x86_64 0.13-8 24.41 159.72 184.13 NOTE
r-patched-solaris-x86 0.13-8 282.10 NOTE
r-release-linux-x86_64 0.13-8 22.79 158.00 180.79 NOTE
r-release-macos-arm64 0.13-8 NOTE
r-release-macos-x86_64 0.13-8 NOTE
r-release-windows-ix86+x86_64 0.13-8 35.00 207.00 242.00 NOTE
r-oldrel-macos-x86_64 0.13-8 NOTE
r-oldrel-windows-ix86+x86_64 0.13-8 31.00 213.00 244.00 NOTE

Check Details

Version: 0.13-8
Check: package dependencies
Result: NOTE
    Packages suggested but not available for checking:
     'koRpus.lang.de', 'koRpus.lang.es', 'koRpus.lang.fr',
     'koRpus.lang.it', 'koRpus.lang.nl', 'koRpus.lang.pt',
     'koRpus.lang.ru'
    
    Package which this enhances but not available for checking: 'rkward'
Flavors: r-devel-linux-x86_64-debian-clang, r-devel-linux-x86_64-debian-gcc, r-devel-linux-x86_64-fedora-clang, r-devel-linux-x86_64-fedora-gcc, r-devel-windows-x86_64, r-devel-windows-x86_64-gcc10-UCRT, r-patched-linux-x86_64, r-patched-solaris-x86, r-release-linux-x86_64, r-release-macos-arm64, r-release-macos-x86_64, r-release-windows-ix86+x86_64, r-oldrel-macos-x86_64, r-oldrel-windows-ix86+x86_64