CRAN Package Check Results for Package kiwisR

Last updated on 2021-06-21 10:52:37 CEST.

Flavor Version Tinstall Tcheck Ttotal Status Flags
r-devel-linux-x86_64-debian-clang 0.2.0 2.10 31.12 33.22 NOTE
r-devel-linux-x86_64-debian-gcc 0.2.0 1.91 24.19 26.10 NOTE
r-devel-linux-x86_64-fedora-clang 0.2.0 46.10 NOTE
r-devel-linux-x86_64-fedora-gcc 0.2.0 36.40 NOTE
r-devel-windows-x86_64 0.2.0 4.00 106.00 110.00 NOTE
r-devel-windows-x86_64-gcc10-UCRT 0.2.0 ERROR
r-patched-linux-x86_64 0.2.0 2.47 30.18 32.65 NOTE
r-patched-solaris-x86 0.2.0 55.00 NOTE
r-release-linux-x86_64 0.2.0 2.21 30.15 32.36 NOTE
r-release-macos-arm64 0.2.0 NOTE
r-release-macos-x86_64 0.2.0 NOTE
r-release-windows-ix86+x86_64 0.2.0 4.00 144.00 148.00 NOTE
r-oldrel-macos-x86_64 0.2.0 OK

Check Details

Version: 0.2.0
Check: LazyData
Result: NOTE
     'LazyData' is specified without a 'data' directory
Flavors: r-devel-linux-x86_64-debian-clang, r-devel-linux-x86_64-debian-gcc, r-devel-linux-x86_64-fedora-clang, r-devel-linux-x86_64-fedora-gcc, r-devel-windows-x86_64, r-patched-linux-x86_64, r-patched-solaris-x86, r-release-linux-x86_64, r-release-macos-arm64, r-release-macos-x86_64, r-release-windows-ix86+x86_64

Version: 0.2.0
Check: package dependencies
Result: ERROR
    Package required but not available: 'httr'
    
    See section 'The DESCRIPTION file' in the 'Writing R Extensions'
    manual.
Flavor: r-devel-windows-x86_64-gcc10-UCRT