CRAN Package Check Results for Package kibior

Last updated on 2021-06-16 10:52:22 CEST.

Flavor Version Tinstall Tcheck Ttotal Status Flags
r-devel-linux-x86_64-debian-clang 0.1.1 11.61 75.36 86.97 NOTE
r-devel-linux-x86_64-debian-gcc 0.1.1 8.37 55.94 64.31 NOTE
r-devel-linux-x86_64-fedora-clang 0.1.1 113.71 NOTE
r-devel-linux-x86_64-fedora-gcc 0.1.1 97.41 NOTE
r-devel-windows-x86_64 0.1.1 18.00 96.00 114.00 NOTE
r-devel-windows-x86_64-gcc10-UCRT 0.1.1 NOTE
r-patched-linux-x86_64 0.1.1 15.22 70.00 85.22 NOTE
r-patched-solaris-x86 0.1.1 142.90 NOTE
r-release-linux-x86_64 0.1.1 9.14 70.37 79.51 NOTE
r-release-macos-arm64 0.1.1 ERROR
r-release-macos-x86_64 0.1.1 NOTE
r-release-windows-ix86+x86_64 0.1.1 23.00 98.00 121.00 NOTE
r-oldrel-macos-x86_64 0.1.1 NOTE
r-oldrel-windows-ix86+x86_64 0.1.1 28.00 100.00 128.00 OK

Check Details

Version: 0.1.1
Check: LazyData
Result: NOTE
     'LazyData' is specified without a 'data' directory
Flavors: r-devel-linux-x86_64-debian-clang, r-devel-linux-x86_64-debian-gcc, r-devel-linux-x86_64-fedora-clang, r-devel-linux-x86_64-fedora-gcc, r-devel-windows-x86_64, r-devel-windows-x86_64-gcc10-UCRT, r-patched-linux-x86_64, r-patched-solaris-x86, r-release-linux-x86_64, r-release-macos-x86_64, r-release-windows-ix86+x86_64

Version: 0.1.1
Check: dependencies in R code
Result: NOTE
    Namespaces in Imports field not imported from:
     ‘Biostrings’ ‘Rsamtools’ ‘rtracklayer’
     All declared Imports should be used.
Flavors: r-devel-linux-x86_64-fedora-clang, r-devel-linux-x86_64-fedora-gcc, r-devel-windows-x86_64-gcc10-UCRT, r-patched-solaris-x86, r-release-macos-x86_64, r-oldrel-macos-x86_64

Version: 0.1.1
Check: installed package size
Result: NOTE
     installed size is 5.4Mb
     sub-directories of 1Mb or more:
     doc 3.2Mb
     extdata 1.4Mb
Flavor: r-patched-solaris-x86

Version: 0.1.1
Check: package dependencies
Result: ERROR
    Packages required but not available: 'Rsamtools', 'rtracklayer'
    
    See section ‘The DESCRIPTION file’ in the ‘Writing R Extensions’
    manual.
Flavor: r-release-macos-arm64