CRAN Package Check Results for Package kendallRandomWalks

Last updated on 2021-06-24 10:52:27 CEST.

Flavor Version Tinstall Tcheck Ttotal Status Flags
r-devel-linux-x86_64-debian-clang 0.9.4 5.68 155.58 161.26 NOTE
r-devel-linux-x86_64-debian-gcc 0.9.4 4.60 105.85 110.45 NOTE
r-devel-linux-x86_64-fedora-clang 0.9.4 184.93 NOTE
r-devel-linux-x86_64-fedora-gcc 0.9.4 185.33 NOTE
r-devel-windows-x86_64 0.9.4 10.00 138.00 148.00 NOTE
r-devel-windows-x86_64-gcc10-UCRT 0.9.4 NOTE
r-patched-linux-x86_64 0.9.4 5.54 143.41 148.95 NOTE
r-patched-solaris-x86 0.9.4 236.20 NOTE
r-release-linux-x86_64 0.9.4 5.29 144.46 149.75 NOTE
r-release-macos-arm64 0.9.4 NOTE
r-release-macos-x86_64 0.9.4 NOTE
r-release-windows-ix86+x86_64 0.9.4 10.00 130.00 140.00 NOTE
r-oldrel-macos-x86_64 0.9.4 OK

Check Details

Version: 0.9.4
Check: LazyData
Result: NOTE
     'LazyData' is specified without a 'data' directory
Flavors: r-devel-linux-x86_64-debian-clang, r-devel-linux-x86_64-debian-gcc, r-devel-linux-x86_64-fedora-clang, r-devel-linux-x86_64-fedora-gcc, r-devel-windows-x86_64, r-devel-windows-x86_64-gcc10-UCRT, r-patched-linux-x86_64, r-patched-solaris-x86, r-release-linux-x86_64, r-release-macos-arm64, r-release-macos-x86_64, r-release-windows-ix86+x86_64

Version: 0.9.4
Check: package dependencies
Result: NOTE
    Package suggested but not available for checking: 'covr'
Flavor: r-devel-windows-x86_64-gcc10-UCRT