CRAN Package Check Results for Package karaoke

Last updated on 2021-06-21 10:52:37 CEST.

Flavor Version Tinstall Tcheck Ttotal Status Flags
r-devel-linux-x86_64-debian-clang 1.0 3.04 32.79 35.83 NOTE
r-devel-linux-x86_64-debian-gcc 1.0 2.57 25.66 28.23 NOTE
r-devel-linux-x86_64-fedora-clang 1.0 51.51 NOTE
r-devel-linux-x86_64-fedora-gcc 1.0 42.24 NOTE
r-devel-windows-x86_64 1.0 5.00 37.00 42.00 OK
r-devel-windows-x86_64-gcc10-UCRT 1.0 OK
r-patched-linux-x86_64 1.0 3.12 31.76 34.88 NOTE
r-patched-solaris-x86 1.0 63.40 NOTE
r-release-linux-x86_64 1.0 3.29 31.77 35.06 NOTE
r-release-macos-arm64 1.0 OK
r-release-macos-x86_64 1.0 OK
r-release-windows-ix86+x86_64 1.0 7.00 52.00 59.00 OK
r-oldrel-macos-x86_64 1.0 OK
r-oldrel-windows-ix86+x86_64 1.0 5.00 0.00 5.00 OK

Check Details

Version: 1.0
Check: for non-standard things in the check directory
Result: NOTE
    Found the following files/directories:
     'song.wav' 'song4karaoke.wav'
Flavors: r-devel-linux-x86_64-debian-clang, r-devel-linux-x86_64-debian-gcc, r-devel-linux-x86_64-fedora-clang, r-devel-linux-x86_64-fedora-gcc, r-patched-linux-x86_64, r-patched-solaris-x86, r-release-linux-x86_64