CRAN Package Check Results for Package jmcm

Last updated on 2021-06-20 23:49:47 CEST.

Flavor Version Tinstall Tcheck Ttotal Status Flags
r-devel-linux-x86_64-debian-clang 0.2.4 49.58 60.62 110.20 OK
r-devel-linux-x86_64-debian-gcc 0.2.4 33.71 47.15 80.86 OK
r-devel-linux-x86_64-fedora-clang 0.2.4 158.42 NOTE
r-devel-linux-x86_64-fedora-gcc 0.2.4 139.60 OK
r-devel-windows-x86_64 0.2.4 61.00 65.00 126.00 OK
r-devel-windows-x86_64-gcc10-UCRT 0.2.4 OK
r-patched-linux-x86_64 0.2.4 43.31 58.45 101.76 OK
r-patched-solaris-x86 0.2.4 152.10 OK
r-release-linux-x86_64 0.2.4 40.07 58.92 98.99 OK
r-release-macos-arm64 0.2.4 NOTE
r-release-macos-x86_64 0.2.4 NOTE
r-release-windows-ix86+x86_64 0.2.4 113.00 109.00 222.00 OK
r-oldrel-macos-x86_64 0.2.4 NOTE

Check Details

Version: 0.2.4
Check: installed package size
Result: NOTE
     installed size is 5.2Mb
     sub-directories of 1Mb or more:
     libs 3.9Mb
Flavors: r-devel-linux-x86_64-fedora-clang, r-release-macos-arm64, r-release-macos-x86_64, r-oldrel-macos-x86_64