CRAN Package Check Results for Package itsadug

Last updated on 2021-06-24 10:52:27 CEST.

Flavor Version Tinstall Tcheck Ttotal Status Flags
r-devel-linux-x86_64-debian-clang 2.4 14.90 212.39 227.29 OK
r-devel-linux-x86_64-debian-gcc 2.4 11.51 158.36 169.87 OK
r-devel-linux-x86_64-fedora-clang 2.4 279.38 OK
r-devel-linux-x86_64-fedora-gcc 2.4 278.99 OK
r-devel-windows-x86_64 2.4 21.00 208.00 229.00 OK
r-devel-windows-x86_64-gcc10-UCRT 2.4 OK
r-patched-linux-x86_64 2.4 17.66 201.69 219.35 OK
r-patched-solaris-x86 2.4 592.80 NOTE
r-release-linux-x86_64 2.4 13.03 202.85 215.88 OK
r-release-macos-arm64 2.4 OK
r-release-macos-x86_64 2.4 OK
r-release-windows-ix86+x86_64 2.4 27.00 261.00 288.00 OK
r-oldrel-macos-x86_64 2.4 OK

Check Details

Version: 2.4
Check: installed package size
Result: NOTE
     installed size is 5.5Mb
     sub-directories of 1Mb or more:
     doc 4.1Mb
Flavor: r-patched-solaris-x86