CRAN Package Check Results for Package invctr

Last updated on 2021-06-22 23:50:35 CEST.

Flavor Version Tinstall Tcheck Ttotal Status Flags
r-devel-linux-x86_64-debian-clang 0.1.0 2.95 32.36 35.31 NOTE
r-devel-linux-x86_64-debian-gcc 0.1.0 2.04 25.76 27.80 NOTE
r-devel-linux-x86_64-fedora-clang 0.1.0 52.61 NOTE
r-devel-linux-x86_64-fedora-gcc 0.1.0 42.78 NOTE
r-devel-windows-x86_64 0.1.0 5.00 39.00 44.00 NOTE
r-devel-windows-x86_64-gcc10-UCRT 0.1.0 NOTE
r-patched-linux-x86_64 0.1.0 2.85 31.57 34.42 NOTE
r-patched-solaris-x86 0.1.0 65.80 NOTE
r-release-linux-x86_64 0.1.0 2.69 31.63 34.32 NOTE
r-release-macos-arm64 0.1.0 NOTE
r-release-macos-x86_64 0.1.0 NOTE
r-release-windows-ix86+x86_64 0.1.0 6.00 40.00 46.00 NOTE
r-oldrel-macos-x86_64 0.1.0 OK

Check Details

Version: 0.1.0
Check: LazyData
Result: NOTE
     'LazyData' is specified without a 'data' directory
Flavors: r-devel-linux-x86_64-debian-clang, r-devel-linux-x86_64-debian-gcc, r-devel-linux-x86_64-fedora-clang, r-devel-linux-x86_64-fedora-gcc, r-devel-windows-x86_64, r-devel-windows-x86_64-gcc10-UCRT, r-patched-linux-x86_64, r-patched-solaris-x86, r-release-linux-x86_64, r-release-macos-arm64, r-release-macos-x86_64, r-release-windows-ix86+x86_64