CRAN Package Check Results for Package interplot

Last updated on 2021-06-21 10:52:36 CEST.

Flavor Version Tinstall Tcheck Ttotal Status Flags
r-devel-linux-x86_64-debian-clang 0.2.3 16.68 145.57 162.25 NOTE
r-devel-linux-x86_64-debian-gcc 0.2.3 13.39 106.22 119.61 NOTE
r-devel-linux-x86_64-fedora-clang 0.2.3 195.49 NOTE
r-devel-linux-x86_64-fedora-gcc 0.2.3 188.63 NOTE
r-devel-windows-x86_64 0.2.3 24.00 118.00 142.00 NOTE
r-devel-windows-x86_64-gcc10-UCRT 0.2.3 NOTE
r-patched-linux-x86_64 0.2.3 14.08 135.15 149.23 NOTE
r-patched-solaris-x86 0.2.3 292.90 NOTE
r-release-linux-x86_64 0.2.3 12.91 135.20 148.11 NOTE
r-release-macos-arm64 0.2.3 NOTE
r-release-macos-x86_64 0.2.3 NOTE
r-release-windows-ix86+x86_64 0.2.3 36.00 164.00 200.00 NOTE
r-oldrel-macos-x86_64 0.2.3 OK

Check Details

Version: 0.2.3
Check: LazyData
Result: NOTE
     'LazyData' is specified without a 'data' directory
Flavors: r-devel-linux-x86_64-debian-clang, r-devel-linux-x86_64-debian-gcc, r-devel-linux-x86_64-fedora-clang, r-devel-linux-x86_64-fedora-gcc, r-devel-windows-x86_64, r-devel-windows-x86_64-gcc10-UCRT, r-patched-linux-x86_64, r-patched-solaris-x86, r-release-linux-x86_64, r-release-macos-arm64, r-release-macos-x86_64, r-release-windows-ix86+x86_64