CRAN Package Check Results for Package incgraph

Last updated on 2021-06-15 10:49:52 CEST.

Flavor Version Tinstall Tcheck Ttotal Status Flags
r-devel-linux-x86_64-debian-clang 1.0.1 26.87 58.44 85.31 OK
r-devel-linux-x86_64-debian-gcc 1.0.1 17.83 44.09 61.92 OK
r-devel-linux-x86_64-fedora-clang 1.0.1 113.67 NOTE
r-devel-linux-x86_64-fedora-gcc 1.0.1 100.06 NOTE
r-devel-windows-x86_64 1.0.1 33.00 87.00 120.00 OK
r-devel-windows-x86_64-gcc10-UCRT 1.0.1 NOTE
r-patched-linux-x86_64 1.0.1 24.41 54.48 78.89 OK
r-patched-solaris-x86 1.0.1 122.00 NOTE
r-release-linux-x86_64 1.0.1 19.20 54.43 73.63 OK
r-release-macos-arm64 1.0.1 NOTE
r-release-macos-x86_64 1.0.1 NOTE
r-release-windows-ix86+x86_64 1.0.1 60.00 114.00 174.00 OK
r-oldrel-macos-x86_64 1.0.1 NOTE
r-oldrel-windows-ix86+x86_64 1.0.1 64.00 113.00 177.00 OK

Check Details

Version: 1.0.1
Check: dependencies in R code
Result: NOTE
    Namespace in Imports field not imported from: ‘testthat’
     All declared Imports should be used.
Flavors: r-devel-linux-x86_64-fedora-clang, r-devel-linux-x86_64-fedora-gcc, r-devel-windows-x86_64-gcc10-UCRT, r-patched-solaris-x86, r-release-macos-arm64, r-release-macos-x86_64, r-oldrel-macos-x86_64