CRAN Package Check Results for Package incadata

Last updated on 2021-06-24 10:52:26 CEST.

Flavor Version Tinstall Tcheck Ttotal Status Flags
r-devel-linux-x86_64-debian-clang 0.9.1 3.33 38.60 41.93 OK
r-devel-linux-x86_64-debian-gcc 0.9.1 2.79 30.50 33.29 OK
r-devel-linux-x86_64-fedora-clang 0.9.1 60.65 OK
r-devel-linux-x86_64-fedora-gcc 0.9.1 50.64 OK
r-devel-windows-x86_64 0.9.1 5.00 44.00 49.00 OK
r-devel-windows-x86_64-gcc10-UCRT 0.9.1 ERROR
r-patched-linux-x86_64 0.9.1 7.30 37.85 45.15 OK
r-patched-solaris-x86 0.9.1 74.80 OK
r-release-linux-x86_64 0.9.1 3.42 37.68 41.10 OK
r-release-macos-arm64 0.9.1 OK
r-release-macos-x86_64 0.9.1 OK
r-release-windows-ix86+x86_64 0.9.1 6.00 45.00 51.00 OK
r-oldrel-macos-x86_64 0.9.1 OK

Check Details

Version: 0.9.1
Check: package dependencies
Result: ERROR
    Package required but not available: 'rvest'
    
    See section 'The DESCRIPTION file' in the 'Writing R Extensions'
    manual.
Flavor: r-devel-windows-x86_64-gcc10-UCRT