CRAN Package Check Results for Package inca

Last updated on 2021-06-14 10:51:51 CEST.

Flavor Version Tinstall Tcheck Ttotal Status Flags
r-devel-linux-x86_64-debian-clang 0.0.4 51.81 61.22 113.03 OK
r-devel-linux-x86_64-debian-gcc 0.0.4 34.06 47.95 82.01 OK
r-devel-linux-x86_64-fedora-clang 0.0.4 151.69 OK
r-devel-linux-x86_64-fedora-gcc 0.0.4 131.85 OK
r-devel-windows-x86_64 0.0.4 50.00 91.00 141.00 OK
r-devel-windows-x86_64-gcc10-UCRT 0.0.4 OK
r-patched-linux-x86_64 0.0.4 36.83 59.99 96.82 OK
r-patched-solaris-x86 0.0.4 158.00 OK
r-release-linux-x86_64 0.0.4 38.35 59.72 98.07 OK
r-release-macos-arm64 0.0.4 NOTE
r-release-macos-x86_64 0.0.4 OK
r-release-windows-ix86+x86_64 0.0.4 70.00 120.00 190.00 OK
r-oldrel-macos-x86_64 0.0.4 NOTE
r-oldrel-windows-ix86+x86_64 0.0.4 74.00 123.00 197.00 OK

Check Details

Version: 0.0.4
Check: installed package size
Result: NOTE
     installed size is 6.2Mb
     sub-directories of 1Mb or more:
     libs 6.1Mb
Flavors: r-release-macos-arm64, r-oldrel-macos-x86_64