CRAN Package Check Results for Package immuneSIM

Last updated on 2021-06-24 10:52:26 CEST.

Flavor Version Tinstall Tcheck Ttotal Status Flags
r-devel-linux-x86_64-debian-clang 0.8.7 48.04 197.08 245.12 NOTE
r-devel-linux-x86_64-debian-gcc 0.8.7 40.95 146.92 187.87 NOTE
r-devel-linux-x86_64-fedora-clang 0.8.7 306.37 NOTE
r-devel-linux-x86_64-fedora-gcc 0.8.7 295.90 NOTE
r-devel-windows-x86_64 0.8.7 68.00 160.00 228.00 NOTE
r-devel-windows-x86_64-gcc10-UCRT 0.8.7 ERROR
r-patched-linux-x86_64 0.8.7 45.95 183.54 229.49 NOTE
r-patched-solaris-x86 0.8.7 480.70 NOTE
r-release-linux-x86_64 0.8.7 41.82 183.93 225.75 NOTE
r-release-macos-arm64 0.8.7 NOTE
r-release-macos-x86_64 0.8.7 NOTE
r-release-windows-ix86+x86_64 0.8.7 65.00 220.00 285.00 NOTE
r-oldrel-macos-x86_64 0.8.7 OK

Check Details

Version: 0.8.7
Check: LazyData
Result: NOTE
     'LazyData' is specified without a 'data' directory
Flavors: r-devel-linux-x86_64-debian-clang, r-devel-linux-x86_64-debian-gcc, r-devel-linux-x86_64-fedora-clang, r-devel-linux-x86_64-fedora-gcc, r-devel-windows-x86_64, r-patched-linux-x86_64, r-patched-solaris-x86, r-release-linux-x86_64, r-release-macos-arm64, r-release-macos-x86_64, r-release-windows-ix86+x86_64

Version: 0.8.7
Check: package dependencies
Result: ERROR
    Package required but not available: 'repmis'
    
    See section 'The DESCRIPTION file' in the 'Writing R Extensions'
    manual.
Flavor: r-devel-windows-x86_64-gcc10-UCRT

Version: 0.8.7
Check: installed package size
Result: NOTE
     installed size is 5.2Mb
     sub-directories of 1Mb or more:
     R 5.1Mb
Flavor: r-release-macos-arm64