CRAN Package Check Results for Package ihpdr

Last updated on 2021-06-16 10:52:21 CEST.

Flavor Version Tinstall Tcheck Ttotal Status Flags
r-devel-linux-x86_64-debian-clang 1.2.1 6.02 60.78 66.80 NOTE
r-devel-linux-x86_64-debian-gcc 1.2.1 4.98 45.26 50.24 NOTE
r-devel-linux-x86_64-fedora-clang 1.2.1 85.66 NOTE
r-devel-linux-x86_64-fedora-gcc 1.2.1 74.16 NOTE
r-devel-windows-x86_64 1.2.1 10.00 79.00 89.00 NOTE
r-devel-windows-x86_64-gcc10-UCRT 1.2.1 NOTE
r-patched-linux-x86_64 1.2.1 6.00 55.79 61.79 NOTE
r-patched-solaris-x86 1.2.1 108.50 NOTE
r-release-linux-x86_64 1.2.1 4.20 56.60 60.80 NOTE
r-release-macos-arm64 1.2.1 NOTE
r-release-macos-x86_64 1.2.1 NOTE
r-release-windows-ix86+x86_64 1.2.1 14.00 79.00 93.00 NOTE
r-oldrel-macos-x86_64 1.2.1 OK
r-oldrel-windows-ix86+x86_64 1.2.1 18.00 81.00 99.00 OK

Check Details

Version: 1.2.1
Check: LazyData
Result: NOTE
     'LazyData' is specified without a 'data' directory
Flavors: r-devel-linux-x86_64-debian-clang, r-devel-linux-x86_64-debian-gcc, r-devel-linux-x86_64-fedora-clang, r-devel-linux-x86_64-fedora-gcc, r-devel-windows-x86_64, r-devel-windows-x86_64-gcc10-UCRT, r-patched-linux-x86_64, r-patched-solaris-x86, r-release-linux-x86_64, r-release-macos-arm64, r-release-macos-x86_64, r-release-windows-ix86+x86_64