CRAN Package Check Results for Package ibm

Last updated on 2021-06-21 10:52:35 CEST.

Flavor Version Tinstall Tcheck Ttotal Status Flags
r-devel-linux-x86_64-debian-clang 0.1.0 12.07 30.20 42.27 OK
r-devel-linux-x86_64-debian-gcc 0.1.0 7.32 22.58 29.90 OK
r-devel-linux-x86_64-fedora-clang 0.1.0 62.95 NOTE
r-devel-linux-x86_64-fedora-gcc 0.1.0 47.12 NOTE
r-devel-windows-x86_64 0.1.0 14.00 42.00 56.00 OK
r-devel-windows-x86_64-gcc10-UCRT 0.1.0 OK
r-patched-linux-x86_64 0.1.0 8.41 28.30 36.71 OK
r-patched-solaris-x86 0.1.0 64.90 OK
r-release-linux-x86_64 0.1.0 8.20 28.57 36.77 OK
r-release-macos-arm64 0.1.0 OK
r-release-macos-x86_64 0.1.0 OK
r-release-windows-ix86+x86_64 0.1.0 26.00 52.00 78.00 OK
r-oldrel-macos-x86_64 0.1.0 OK
r-oldrel-windows-ix86+x86_64 0.1.0 22.00 0.00 22.00 OK

Check Details

Version: 0.1.0
Check: compiled code
Result: NOTE
    File ‘ibm/libs/ibm.so’:
     Found no calls to: ‘R_registerRoutines’, ‘R_useDynamicSymbols’
    
    It is good practice to register native routines and to disable symbol
    search.
    
    See ‘Writing portable packages’ in the ‘Writing R Extensions’ manual.
Flavors: r-devel-linux-x86_64-fedora-clang, r-devel-linux-x86_64-fedora-gcc