CRAN Package Check Results for Package ib

Last updated on 2021-06-24 10:52:25 CEST.

Flavor Version Tinstall Tcheck Ttotal Status Flags
r-devel-linux-x86_64-debian-clang 0.1.0 15.31 101.56 116.87 NOTE
r-devel-linux-x86_64-debian-gcc 0.1.0 13.63 76.90 90.53 NOTE
r-devel-linux-x86_64-fedora-clang 0.1.0 154.20 NOTE
r-devel-linux-x86_64-fedora-gcc 0.1.0 139.04 NOTE
r-devel-windows-x86_64 0.1.0 26.00 88.00 114.00 NOTE
r-devel-windows-x86_64-gcc10-UCRT 0.1.0 NOTE
r-patched-linux-x86_64 0.1.0 16.41 97.03 113.44 NOTE
r-patched-solaris-x86 0.1.0 201.30 NOTE
r-release-linux-x86_64 0.1.0 15.24 96.92 112.16 NOTE
r-release-macos-arm64 0.1.0 NOTE
r-release-macos-x86_64 0.1.0 NOTE
r-release-windows-ix86+x86_64 0.1.0 30.00 121.00 151.00 NOTE
r-oldrel-macos-x86_64 0.1.0 OK

Check Details

Version: 0.1.0
Check: LazyData
Result: NOTE
     'LazyData' is specified without a 'data' directory
Flavors: r-devel-linux-x86_64-debian-clang, r-devel-linux-x86_64-debian-gcc, r-devel-linux-x86_64-fedora-clang, r-devel-linux-x86_64-fedora-gcc, r-devel-windows-x86_64, r-devel-windows-x86_64-gcc10-UCRT, r-patched-linux-x86_64, r-patched-solaris-x86, r-release-linux-x86_64, r-release-macos-arm64, r-release-macos-x86_64, r-release-windows-ix86+x86_64