CRAN Package Check Results for Package htm2txt

Last updated on 2021-06-19 10:52:04 CEST.

Flavor Version Tinstall Tcheck Ttotal Status Flags
r-devel-linux-x86_64-debian-clang 2.1.1 2.31 22.56 24.87 NOTE
r-devel-linux-x86_64-debian-gcc 2.1.1 1.72 17.79 19.51 NOTE
r-devel-linux-x86_64-fedora-clang 2.1.1 38.98 NOTE
r-devel-linux-x86_64-fedora-gcc 2.1.1 28.36 NOTE
r-devel-windows-x86_64 2.1.1 4.00 34.00 38.00 NOTE
r-devel-windows-x86_64-gcc10-UCRT 2.1.1 NOTE
r-patched-linux-x86_64 2.1.1 2.01 22.35 24.36 NOTE
r-patched-solaris-x86 2.1.1 43.40 NOTE
r-release-linux-x86_64 2.1.1 1.93 22.64 24.57 NOTE
r-release-macos-arm64 2.1.1 NOTE
r-release-macos-x86_64 2.1.1 NOTE
r-release-windows-ix86+x86_64 2.1.1 5.00 27.00 32.00 NOTE
r-oldrel-macos-x86_64 2.1.1 OK
r-oldrel-windows-ix86+x86_64 2.1.1 6.00 27.00 33.00 OK

Check Details

Version: 2.1.1
Check: LazyData
Result: NOTE
     'LazyData' is specified without a 'data' directory
Flavors: r-devel-linux-x86_64-debian-clang, r-devel-linux-x86_64-debian-gcc, r-devel-linux-x86_64-fedora-clang, r-devel-linux-x86_64-fedora-gcc, r-devel-windows-x86_64, r-devel-windows-x86_64-gcc10-UCRT, r-patched-linux-x86_64, r-patched-solaris-x86, r-release-linux-x86_64, r-release-macos-arm64, r-release-macos-x86_64, r-release-windows-ix86+x86_64