CRAN Package Check Results for Package hipread

Last updated on 2021-06-20 23:49:46 CEST.

Flavor Version Tinstall Tcheck Ttotal Status Flags
r-devel-linux-x86_64-debian-clang 0.2.2 153.29 42.68 195.97 NOTE
r-devel-linux-x86_64-debian-gcc 0.2.2 102.52 32.52 135.04 NOTE
r-devel-linux-x86_64-fedora-clang 0.2.2 297.28 NOTE
r-devel-linux-x86_64-fedora-gcc 0.2.2 251.92 NOTE
r-devel-windows-x86_64 0.2.2 215.00 69.00 284.00 NOTE
r-devel-windows-x86_64-gcc10-UCRT 0.2.2 NOTE
r-patched-linux-x86_64 0.2.2 122.09 40.43 162.52 NOTE
r-patched-solaris-x86 0.2.2 253.30 NOTE
r-release-linux-x86_64 0.2.2 130.11 40.76 170.87 NOTE
r-release-macos-arm64 0.2.2 NOTE
r-release-macos-x86_64 0.2.2 NOTE
r-release-windows-ix86+x86_64 0.2.2 430.00 97.00 527.00 NOTE
r-oldrel-macos-x86_64 0.2.2 NOTE

Check Details

Version: 0.2.2
Check: LazyData
Result: NOTE
     'LazyData' is specified without a 'data' directory
Flavors: r-devel-linux-x86_64-debian-clang, r-devel-linux-x86_64-debian-gcc, r-devel-linux-x86_64-fedora-clang, r-devel-linux-x86_64-fedora-gcc, r-devel-windows-x86_64, r-devel-windows-x86_64-gcc10-UCRT, r-patched-linux-x86_64, r-patched-solaris-x86, r-release-linux-x86_64, r-release-macos-arm64, r-release-macos-x86_64, r-release-windows-ix86+x86_64

Version: 0.2.2
Check: installed package size
Result: NOTE
     installed size is 5.2Mb
     sub-directories of 1Mb or more:
     libs 4.8Mb
Flavors: r-devel-linux-x86_64-fedora-clang, r-release-macos-arm64, r-oldrel-macos-x86_64