CRAN Package Check Results for Package hcp

Last updated on 2021-06-21 10:52:35 CEST.

Flavor Version Tinstall Tcheck Ttotal Status Flags
r-devel-linux-x86_64-debian-clang 0.1 5.54 38.13 43.67 NOTE
r-devel-linux-x86_64-debian-gcc 0.1 4.25 29.14 33.39 NOTE
r-devel-linux-x86_64-fedora-clang 0.1 65.23 NOTE
r-devel-linux-x86_64-fedora-gcc 0.1 51.41 NOTE
r-devel-windows-x86_64 0.1 8.00 39.00 47.00 NOTE
r-devel-windows-x86_64-gcc10-UCRT 0.1 NOTE
r-patched-linux-x86_64 0.1 5.81 37.18 42.99 NOTE
r-patched-solaris-x86 0.1 66.40 NOTE
r-release-linux-x86_64 0.1 4.17 36.40 40.57 NOTE
r-release-macos-arm64 0.1 NOTE
r-release-macos-x86_64 0.1 NOTE
r-release-windows-ix86+x86_64 0.1 14.00 36.00 50.00 NOTE
r-oldrel-macos-x86_64 0.1 NOTE
r-oldrel-windows-ix86+x86_64 0.1 7.00 39.00 46.00 NOTE

Check Details

Version: 0.1
Check: R code for possible problems
Result: NOTE
    CalcCrit: no visible global function definition for 'tail'
    CalcCrit: no visible global function definition for 'anova'
    SimulInt: no visible global function definition for 'qf'
    con.search: no visible global function definition for 'persp'
    con.search: no visible global function definition for 'title'
    con.search.C: no visible global function definition for 'persp'
    con.search.C: no visible global function definition for 'title'
    con.search.D: no visible global function definition for 'persp'
    con.search.D: no visible global function definition for 'title'
    con2.search: no visible global function definition for 'persp'
    con2.search: no visible global function definition for 'title'
    con2.search.C: no visible global function definition for 'persp'
    con2.search.C: no visible global function definition for 'title'
    con2.search.D: no visible global function definition for 'persp'
    con2.search.D: no visible global function definition for 'title'
    llsearch: no visible global function definition for 'persp'
    llsearch: no visible global function definition for 'title'
    llsearch.C: no visible global function definition for 'persp'
    llsearch.C: no visible global function definition for 'title'
    llsearch.D: no visible global function definition for 'persp'
    llsearch.D: no visible global function definition for 'title'
    p.est: no visible global function definition for 'lm'
    p.est.C: no visible global function definition for 'lm'
    p.est.D: no visible global function definition for 'lm'
    p2.est: no visible global function definition for 'lm'
    p2.est.C: no visible global function definition for 'lm'
    p2.est.D: no visible global function definition for 'lm'
    rss: no visible global function definition for 'lm'
    rss.C: no visible global function definition for 'lm'
    rss.D: no visible global function definition for 'lm'
    Undefined global functions or variables:
     anova lm persp qf tail title
    Consider adding
     importFrom("graphics", "persp", "title")
     importFrom("stats", "anova", "lm", "qf")
     importFrom("utils", "tail")
    to your NAMESPACE file.
Flavors: r-devel-linux-x86_64-debian-clang, r-devel-linux-x86_64-debian-gcc, r-devel-linux-x86_64-fedora-clang, r-devel-linux-x86_64-fedora-gcc, r-devel-windows-x86_64, r-devel-windows-x86_64-gcc10-UCRT, r-patched-linux-x86_64, r-patched-solaris-x86, r-release-linux-x86_64, r-release-macos-arm64, r-release-macos-x86_64, r-release-windows-ix86+x86_64, r-oldrel-macos-x86_64, r-oldrel-windows-ix86+x86_64