CRAN Package Check Results for Package happybiRthday

Last updated on 2021-06-24 10:52:25 CEST.

Flavor Version Tinstall Tcheck Ttotal Status Flags
r-devel-linux-x86_64-debian-clang 0.0.1 6.12 55.72 61.84 NOTE
r-devel-linux-x86_64-debian-gcc 0.0.1 4.89 41.36 46.25 NOTE
r-devel-linux-x86_64-fedora-clang 0.0.1 86.17 NOTE
r-devel-linux-x86_64-fedora-gcc 0.0.1 74.79 NOTE
r-devel-windows-x86_64 0.0.1 10.00 54.00 64.00 NOTE
r-devel-windows-x86_64-gcc10-UCRT 0.0.1 ERROR
r-patched-linux-x86_64 0.0.1 6.05 51.95 58.00 NOTE
r-patched-solaris-x86 0.0.1 100.20 NOTE
r-release-linux-x86_64 0.0.1 5.27 51.82 57.09 NOTE
r-release-macos-arm64 0.0.1 NOTE
r-release-macos-x86_64 0.0.1 NOTE
r-release-windows-ix86+x86_64 0.0.1 13.00 55.00 68.00 NOTE
r-oldrel-macos-x86_64 0.0.1 OK

Check Details

Version: 0.0.1
Check: LazyData
Result: NOTE
     'LazyData' is specified without a 'data' directory
Flavors: r-devel-linux-x86_64-debian-clang, r-devel-linux-x86_64-debian-gcc, r-devel-linux-x86_64-fedora-clang, r-devel-linux-x86_64-fedora-gcc, r-devel-windows-x86_64, r-patched-linux-x86_64, r-patched-solaris-x86, r-release-linux-x86_64, r-release-macos-arm64, r-release-macos-x86_64, r-release-windows-ix86+x86_64

Version: 0.0.1
Check: package dependencies
Result: ERROR
    Package required but not available: 'gh'
    
    See section 'The DESCRIPTION file' in the 'Writing R Extensions'
    manual.
Flavor: r-devel-windows-x86_64-gcc10-UCRT