CRAN Package Check Results for Package hacksaw

Last updated on 2021-06-20 23:49:45 CEST.

Flavor Version Tinstall Tcheck Ttotal Status Flags
r-devel-linux-x86_64-debian-clang 0.0.2 2.33 26.83 29.16 NOTE
r-devel-linux-x86_64-debian-gcc 0.0.2 1.75 21.21 22.96 NOTE
r-devel-linux-x86_64-fedora-clang 0.0.2 46.27 NOTE
r-devel-linux-x86_64-fedora-gcc 0.0.2 33.47 NOTE
r-devel-windows-x86_64 0.0.2 5.00 43.00 48.00 NOTE
r-devel-windows-x86_64-gcc10-UCRT 0.0.2 NOTE
r-patched-linux-x86_64 0.0.2 2.27 25.81 28.08 NOTE
r-patched-solaris-x86 0.0.2 51.50 NOTE
r-release-linux-x86_64 0.0.2 2.21 25.77 27.98 NOTE
r-release-macos-arm64 0.0.2 NOTE
r-release-macos-x86_64 0.0.2 NOTE
r-release-windows-ix86+x86_64 0.0.2 5.00 41.00 46.00 NOTE
r-oldrel-macos-x86_64 0.0.2 OK

Check Details

Version: 0.0.2
Check: LazyData
Result: NOTE
     'LazyData' is specified without a 'data' directory
Flavors: r-devel-linux-x86_64-debian-clang, r-devel-linux-x86_64-debian-gcc, r-devel-linux-x86_64-fedora-clang, r-devel-linux-x86_64-fedora-gcc, r-devel-windows-x86_64, r-devel-windows-x86_64-gcc10-UCRT, r-patched-linux-x86_64, r-patched-solaris-x86, r-release-linux-x86_64, r-release-macos-arm64, r-release-macos-x86_64, r-release-windows-ix86+x86_64