CRAN Package Check Results for Package gunsales

Last updated on 2021-06-24 10:52:25 CEST.

Flavor Version Tinstall Tcheck Ttotal Status Flags
r-devel-linux-x86_64-debian-clang 0.1.2 6.75 69.03 75.78 OK
r-devel-linux-x86_64-debian-gcc 0.1.2 4.96 51.85 56.81 OK
r-devel-linux-x86_64-fedora-clang 0.1.2 99.02 OK
r-devel-linux-x86_64-fedora-gcc 0.1.2 87.79 OK
r-devel-windows-x86_64 0.1.2 11.00 77.00 88.00 OK
r-devel-windows-x86_64-gcc10-UCRT 0.1.2 OK
r-patched-linux-x86_64 0.1.2 6.83 65.25 72.08 OK
r-patched-solaris-x86 0.1.2 4.90 ERROR
r-release-linux-x86_64 0.1.2 5.94 65.00 70.94 OK
r-release-macos-arm64 0.1.2 OK
r-release-macos-x86_64 0.1.2 OK
r-release-windows-ix86+x86_64 0.1.2 12.00 75.00 87.00 OK
r-oldrel-macos-x86_64 0.1.2 OK

Additional issues

M1mac

Check Details

Version: 0.1.2
Check: package dependencies
Result: ERROR
    Packages required but not available: 'seasonal', 'x13binary'
    
    See section ‘The DESCRIPTION file’ in the ‘Writing R Extensions’
    manual.
Flavor: r-patched-solaris-x86