CRAN Package Check Results for Package gscounts

Last updated on 2021-06-21 10:52:35 CEST.

Flavor Version Tinstall Tcheck Ttotal Status Flags
r-devel-linux-x86_64-debian-clang 0.1-3 21.66 40.24 61.90 OK
r-devel-linux-x86_64-debian-gcc 0.1-3 16.04 29.92 45.96 ERROR
r-devel-linux-x86_64-fedora-clang 0.1-3 92.32 ERROR
r-devel-linux-x86_64-fedora-gcc 0.1-3 73.31 ERROR
r-devel-windows-x86_64 0.1-3 28.00 59.00 87.00 OK
r-devel-windows-x86_64-gcc10-UCRT 0.1-3 ERROR
r-patched-linux-x86_64 0.1-3 18.65 38.55 57.20 OK
r-patched-solaris-x86 0.1-3 83.90 ERROR
r-release-linux-x86_64 0.1-3 17.46 37.93 55.39 ERROR
r-release-macos-arm64 0.1-3 OK
r-release-macos-x86_64 0.1-3 OK
r-release-windows-ix86+x86_64 0.1-3 50.00 88.00 138.00 OK
r-oldrel-macos-x86_64 0.1-3 OK

Additional issues

M1mac

Check Details

Version: 0.1-3
Check: package dependencies
Result: NOTE
    Package suggested but not available for checking: ‘gsDesign’
Flavors: r-devel-linux-x86_64-debian-gcc, r-devel-linux-x86_64-fedora-clang, r-devel-linux-x86_64-fedora-gcc, r-devel-windows-x86_64-gcc10-UCRT, r-patched-solaris-x86, r-release-linux-x86_64

Version: 0.1-3
Check: tests
Result: ERROR
     Running ‘testthat.R’ [1s/3s]
    Running the tests in ‘tests/testthat.R’ failed.
    Complete output:
     > library(testthat)
     > library(gscounts)
     >
     > test_check("gscounts")
     ══ Failed tests ════════════════════════════════════════════════════════════════
     ── Error (test_gs-bindingfut.R:10:1): (code run outside of `test_that()`) ──────
     Error: there is no package called 'gsDesign'
     Backtrace:
     █
     1. └─base::loadNamespace(x) test_gs-bindingfut.R:10:0
     2. └─base::withRestarts(stop(cond), retry_loadNamespace = function() NULL)
     3. └─base:::withOneRestart(expr, restarts[[1L]])
     4. └─base:::doWithOneRestart(return(expr), restart)
     ── Error (test_gs-efficacy.R:9:1): (code run outside of `test_that()`) ─────────
     Error: there is no package called 'gsDesign'
     Backtrace:
     █
     1. └─base::loadNamespace(x) test_gs-efficacy.R:9:0
     2. └─base::withRestarts(stop(cond), retry_loadNamespace = function() NULL)
     3. └─base:::withOneRestart(expr, restarts[[1L]])
     4. └─base:::doWithOneRestart(return(expr), restart)
     ── Error (test_gs-fixedfollowup.R:4:1): (code run outside of `test_that()`) ────
     Error: there is no package called 'gsDesign'
     Backtrace:
     █
     1. └─base::loadNamespace(x) test_gs-fixedfollowup.R:4:0
     2. └─base::withRestarts(stop(cond), retry_loadNamespace = function() NULL)
     3. └─base:::withOneRestart(expr, restarts[[1L]])
     4. └─base:::doWithOneRestart(return(expr), restart)
     ── Error (test_gs-nonbindingfut.R:11:1): (code run outside of `test_that()`) ───
     Error: there is no package called 'gsDesign'
     Backtrace:
     █
     1. └─base::loadNamespace(x) test_gs-nonbindingfut.R:11:0
     2. └─base::withRestarts(stop(cond), retry_loadNamespace = function() NULL)
     3. └─base:::withOneRestart(expr, restarts[[1L]])
     4. └─base:::doWithOneRestart(return(expr), restart)
     ── Error (test_spending.R:5:12): Pocock spending function matches gsdesign ─────
     Error: there is no package called 'gsDesign'
     Backtrace:
     █
     1. ├─testthat::expect_equal(...) test_spending.R:5:11
     2. │ └─testthat::quasi_label(enquo(expected), expected.label, arg = "expected")
     3. │ └─rlang::eval_bare(expr, quo_get_env(quo))
     4. └─base::loadNamespace(x)
     5. └─base::withRestarts(stop(cond), retry_loadNamespace = function() NULL)
     6. └─base:::withOneRestart(expr, restarts[[1L]])
     7. └─base:::doWithOneRestart(return(expr), restart)
     ── Error (test_spending.R:10:12): OBF spending function matches gsdesign ───────
     Error: there is no package called 'gsDesign'
     Backtrace:
     █
     1. ├─testthat::expect_equal(...) test_spending.R:10:11
     2. │ └─testthat::quasi_label(enquo(expected), expected.label, arg = "expected")
     3. │ └─rlang::eval_bare(expr, quo_get_env(quo))
     4. └─base::loadNamespace(x)
     5. └─base::withRestarts(stop(cond), retry_loadNamespace = function() NULL)
     6. └─base:::withOneRestart(expr, restarts[[1L]])
     7. └─base:::doWithOneRestart(return(expr), restart)
    
     [ FAIL 6 | WARN 0 | SKIP 0 | PASS 17 ]
     Error: Test failures
     Execution halted
Flavor: r-devel-linux-x86_64-debian-gcc

Version: 0.1-3
Check: tests
Result: ERROR
     Running ‘testthat.R’
    Running the tests in ‘tests/testthat.R’ failed.
    Complete output:
     > library(testthat)
     > library(gscounts)
     >
     > test_check("gscounts")
     ══ Failed tests ════════════════════════════════════════════════════════════════
     ── Error (test_gs-bindingfut.R:10:1): (code run outside of `test_that()`) ──────
     Error: there is no package called 'gsDesign'
     Backtrace:
     █
     1. └─base::loadNamespace(x) test_gs-bindingfut.R:10:0
     2. └─base::withRestarts(stop(cond), retry_loadNamespace = function() NULL)
     3. └─base:::withOneRestart(expr, restarts[[1L]])
     4. └─base:::doWithOneRestart(return(expr), restart)
     ── Error (test_gs-efficacy.R:9:1): (code run outside of `test_that()`) ─────────
     Error: there is no package called 'gsDesign'
     Backtrace:
     █
     1. └─base::loadNamespace(x) test_gs-efficacy.R:9:0
     2. └─base::withRestarts(stop(cond), retry_loadNamespace = function() NULL)
     3. └─base:::withOneRestart(expr, restarts[[1L]])
     4. └─base:::doWithOneRestart(return(expr), restart)
     ── Error (test_gs-fixedfollowup.R:4:1): (code run outside of `test_that()`) ────
     Error: there is no package called 'gsDesign'
     Backtrace:
     █
     1. └─base::loadNamespace(x) test_gs-fixedfollowup.R:4:0
     2. └─base::withRestarts(stop(cond), retry_loadNamespace = function() NULL)
     3. └─base:::withOneRestart(expr, restarts[[1L]])
     4. └─base:::doWithOneRestart(return(expr), restart)
     ── Error (test_gs-nonbindingfut.R:11:1): (code run outside of `test_that()`) ───
     Error: there is no package called 'gsDesign'
     Backtrace:
     █
     1. └─base::loadNamespace(x) test_gs-nonbindingfut.R:11:0
     2. └─base::withRestarts(stop(cond), retry_loadNamespace = function() NULL)
     3. └─base:::withOneRestart(expr, restarts[[1L]])
     4. └─base:::doWithOneRestart(return(expr), restart)
     ── Error (test_spending.R:5:12): Pocock spending function matches gsdesign ─────
     Error: there is no package called 'gsDesign'
     Backtrace:
     █
     1. ├─testthat::expect_equal(...) test_spending.R:5:11
     2. │ └─testthat::quasi_label(enquo(expected), expected.label, arg = "expected")
     3. │ └─rlang::eval_bare(expr, quo_get_env(quo))
     4. └─base::loadNamespace(x)
     5. └─base::withRestarts(stop(cond), retry_loadNamespace = function() NULL)
     6. └─base:::withOneRestart(expr, restarts[[1L]])
     7. └─base:::doWithOneRestart(return(expr), restart)
     ── Error (test_spending.R:10:12): OBF spending function matches gsdesign ───────
     Error: there is no package called 'gsDesign'
     Backtrace:
     █
     1. ├─testthat::expect_equal(...) test_spending.R:10:11
     2. │ └─testthat::quasi_label(enquo(expected), expected.label, arg = "expected")
     3. │ └─rlang::eval_bare(expr, quo_get_env(quo))
     4. └─base::loadNamespace(x)
     5. └─base::withRestarts(stop(cond), retry_loadNamespace = function() NULL)
     6. └─base:::withOneRestart(expr, restarts[[1L]])
     7. └─base:::doWithOneRestart(return(expr), restart)
    
     [ FAIL 6 | WARN 0 | SKIP 0 | PASS 17 ]
     Error: Test failures
     Execution halted
Flavors: r-devel-linux-x86_64-fedora-clang, r-devel-linux-x86_64-fedora-gcc, r-patched-solaris-x86

Version: 0.1-3
Check: tests
Result: ERROR
     Running 'testthat.R'
    Running the tests in 'tests/testthat.R' failed.
    Last 13 lines of output:
     -- Error (test_spending.R:10:12): OBF spending function matches gsdesign -------
     Error: there is no package called 'gsDesign'
     Backtrace:
     x
     1. +-testthat::expect_equal(...) test_spending.R:10:11
     2. | \-testthat::quasi_label(enquo(expected), expected.label, arg = "expected")
     3. | \-rlang::eval_bare(expr, quo_get_env(quo))
     4. \-base::loadNamespace(x)
     5. \-base::withRestarts(stop(cond), retry_loadNamespace = function() NULL)
     6. \-base:::withOneRestart(expr, restarts[[1L]])
     7. \-base:::doWithOneRestart(return(expr), restart)
    
     [ FAIL 6 | WARN 0 | SKIP 0 | PASS 17 ]
     Error: Test failures
     Execution halted
Flavor: r-devel-windows-x86_64-gcc10-UCRT

Version: 0.1-3
Check: tests
Result: ERROR
     Running ‘testthat.R’ [2s/2s]
    Running the tests in ‘tests/testthat.R’ failed.
    Complete output:
     > library(testthat)
     > library(gscounts)
     >
     > test_check("gscounts")
     ══ Failed tests ════════════════════════════════════════════════════════════════
     ── Error (test_gs-bindingfut.R:10:1): (code run outside of `test_that()`) ──────
     Error: there is no package called 'gsDesign'
     Backtrace:
     █
     1. └─base::loadNamespace(x) test_gs-bindingfut.R:10:0
     2. └─base::withRestarts(stop(cond), retry_loadNamespace = function() NULL)
     3. └─base:::withOneRestart(expr, restarts[[1L]])
     4. └─base:::doWithOneRestart(return(expr), restart)
     ── Error (test_gs-efficacy.R:9:1): (code run outside of `test_that()`) ─────────
     Error: there is no package called 'gsDesign'
     Backtrace:
     █
     1. └─base::loadNamespace(x) test_gs-efficacy.R:9:0
     2. └─base::withRestarts(stop(cond), retry_loadNamespace = function() NULL)
     3. └─base:::withOneRestart(expr, restarts[[1L]])
     4. └─base:::doWithOneRestart(return(expr), restart)
     ── Error (test_gs-fixedfollowup.R:4:1): (code run outside of `test_that()`) ────
     Error: there is no package called 'gsDesign'
     Backtrace:
     █
     1. └─base::loadNamespace(x) test_gs-fixedfollowup.R:4:0
     2. └─base::withRestarts(stop(cond), retry_loadNamespace = function() NULL)
     3. └─base:::withOneRestart(expr, restarts[[1L]])
     4. └─base:::doWithOneRestart(return(expr), restart)
     ── Error (test_gs-nonbindingfut.R:11:1): (code run outside of `test_that()`) ───
     Error: there is no package called 'gsDesign'
     Backtrace:
     █
     1. └─base::loadNamespace(x) test_gs-nonbindingfut.R:11:0
     2. └─base::withRestarts(stop(cond), retry_loadNamespace = function() NULL)
     3. └─base:::withOneRestart(expr, restarts[[1L]])
     4. └─base:::doWithOneRestart(return(expr), restart)
     ── Error (test_spending.R:5:12): Pocock spending function matches gsdesign ─────
     Error: there is no package called 'gsDesign'
     Backtrace:
     █
     1. ├─testthat::expect_equal(...) test_spending.R:5:11
     2. │ └─testthat::quasi_label(enquo(expected), expected.label, arg = "expected")
     3. │ └─rlang::eval_bare(expr, quo_get_env(quo))
     4. └─base::loadNamespace(x)
     5. └─base::withRestarts(stop(cond), retry_loadNamespace = function() NULL)
     6. └─base:::withOneRestart(expr, restarts[[1L]])
     7. └─base:::doWithOneRestart(return(expr), restart)
     ── Error (test_spending.R:10:12): OBF spending function matches gsdesign ───────
     Error: there is no package called 'gsDesign'
     Backtrace:
     █
     1. ├─testthat::expect_equal(...) test_spending.R:10:11
     2. │ └─testthat::quasi_label(enquo(expected), expected.label, arg = "expected")
     3. │ └─rlang::eval_bare(expr, quo_get_env(quo))
     4. └─base::loadNamespace(x)
     5. └─base::withRestarts(stop(cond), retry_loadNamespace = function() NULL)
     6. └─base:::withOneRestart(expr, restarts[[1L]])
     7. └─base:::doWithOneRestart(return(expr), restart)
    
     [ FAIL 6 | WARN 0 | SKIP 0 | PASS 17 ]
     Error: Test failures
     Execution halted
Flavor: r-release-linux-x86_64