CRAN Package Check Results for Package graphkernels

Last updated on 2021-06-18 23:49:18 CEST.

Flavor Version Tinstall Tcheck Ttotal Status Flags
r-devel-linux-x86_64-debian-clang 1.6 53.46 67.47 120.93 OK
r-devel-linux-x86_64-debian-gcc 1.6 38.79 54.24 93.03 OK
r-devel-linux-x86_64-fedora-clang 1.6 163.12 NOTE
r-devel-linux-x86_64-fedora-gcc 1.6 150.12 OK
r-devel-windows-x86_64 1.6 58.00 85.00 143.00 OK
r-devel-windows-x86_64-gcc10-UCRT 1.6 OK
r-patched-linux-x86_64 1.6 48.16 67.04 115.20 OK
r-patched-solaris-x86 1.6 170.30 OK
r-release-linux-x86_64 1.6 41.54 67.05 108.59 OK
r-release-macos-arm64 1.6 NOTE
r-release-macos-x86_64 1.6 NOTE
r-release-windows-ix86+x86_64 1.6 108.00 128.00 236.00 OK
r-oldrel-macos-x86_64 1.6 NOTE
r-oldrel-windows-ix86+x86_64 1.6 84.00 163.00 247.00 OK

Check Details

Version: 1.6
Check: installed package size
Result: NOTE
     installed size is 10.5Mb
     sub-directories of 1Mb or more:
     libs 10.3Mb
Flavors: r-devel-linux-x86_64-fedora-clang, r-release-macos-arm64, r-release-macos-x86_64, r-oldrel-macos-x86_64