CRAN Package Check Results for Package graphframes

Last updated on 2021-06-24 10:52:24 CEST.

Flavor Version Tinstall Tcheck Ttotal Status Flags
r-devel-linux-x86_64-debian-clang 0.1.2 6.30 58.17 64.47 NOTE
r-devel-linux-x86_64-debian-gcc 0.1.2 5.12 43.31 48.43 NOTE
r-devel-linux-x86_64-fedora-clang 0.1.2 85.05 NOTE
r-devel-linux-x86_64-fedora-gcc 0.1.2 75.67 NOTE
r-devel-windows-x86_64 0.1.2 11.00 56.00 67.00 NOTE
r-devel-windows-x86_64-gcc10-UCRT 0.1.2 ERROR
r-patched-linux-x86_64 0.1.2 6.92 54.04 60.96 NOTE
r-patched-solaris-x86 0.1.2 106.50 NOTE
r-release-linux-x86_64 0.1.2 6.12 53.64 59.76 NOTE
r-release-macos-arm64 0.1.2 NOTE
r-release-macos-x86_64 0.1.2 NOTE
r-release-windows-ix86+x86_64 0.1.2 12.00 57.00 69.00 NOTE
r-oldrel-macos-x86_64 0.1.2 OK

Check Details

Version: 0.1.2
Check: LazyData
Result: NOTE
     'LazyData' is specified without a 'data' directory
Flavors: r-devel-linux-x86_64-debian-clang, r-devel-linux-x86_64-debian-gcc, r-devel-linux-x86_64-fedora-clang, r-devel-linux-x86_64-fedora-gcc, r-devel-windows-x86_64, r-patched-linux-x86_64, r-patched-solaris-x86, r-release-linux-x86_64, r-release-macos-arm64, r-release-macos-x86_64, r-release-windows-ix86+x86_64

Version: 0.1.2
Check: package dependencies
Result: ERROR
    Package required but not available: 'sparklyr'
    
    Package suggested but not available for checking: 'covr'
    
    See section 'The DESCRIPTION file' in the 'Writing R Extensions'
    manual.
Flavor: r-devel-windows-x86_64-gcc10-UCRT