CRAN Package Check Results for Package googlePublicData

Last updated on 2021-06-24 10:52:24 CEST.

Flavor Version Tinstall Tcheck Ttotal Status Flags
r-devel-linux-x86_64-debian-clang 0.16.1 3.76 42.29 46.05 OK
r-devel-linux-x86_64-debian-gcc 0.16.1 3.31 33.11 36.42 OK
r-devel-linux-x86_64-fedora-clang 0.16.1 65.49 OK
r-devel-linux-x86_64-fedora-gcc 0.16.1 54.28 OK
r-devel-windows-x86_64 0.16.1 7.00 47.00 54.00 OK
r-devel-windows-x86_64-gcc10-UCRT 0.16.1 NOTE
r-patched-linux-x86_64 0.16.1 4.04 41.01 45.05 OK
r-patched-solaris-x86 0.16.1 81.50 OK
r-release-linux-x86_64 0.16.1 3.94 40.76 44.70 OK
r-release-macos-arm64 0.16.1 OK
r-release-macos-x86_64 0.16.1 OK
r-release-windows-ix86+x86_64 0.16.1 8.00 47.00 55.00 OK
r-oldrel-macos-x86_64 0.16.1 OK

Check Details

Version: 0.16.1
Check: package dependencies
Result: NOTE
    Package suggested but not available for checking: 'covr'
Flavor: r-devel-windows-x86_64-gcc10-UCRT