CRAN Package Check Results for Package googleLanguageR

Last updated on 2021-06-16 10:52:20 CEST.

Flavor Version Tinstall Tcheck Ttotal Status Flags
r-devel-linux-x86_64-debian-clang 0.3.0 5.23 51.13 56.36 NOTE
r-devel-linux-x86_64-debian-gcc 0.3.0 4.03 38.69 42.72 NOTE
r-devel-linux-x86_64-fedora-clang 0.3.0 73.97 NOTE
r-devel-linux-x86_64-fedora-gcc 0.3.0 64.80 NOTE
r-devel-windows-x86_64 0.3.0 8.00 74.00 82.00 NOTE
r-devel-windows-x86_64-gcc10-UCRT 0.3.0 NOTE
r-patched-linux-x86_64 0.3.0 8.45 48.43 56.88 NOTE
r-patched-solaris-x86 0.3.0 92.90 NOTE
r-release-linux-x86_64 0.3.0 4.43 48.29 52.72 NOTE
r-release-macos-arm64 0.3.0 NOTE
r-release-macos-x86_64 0.3.0 NOTE
r-release-windows-ix86+x86_64 0.3.0 12.00 75.00 87.00 NOTE
r-oldrel-macos-x86_64 0.3.0 OK
r-oldrel-windows-ix86+x86_64 0.3.0 22.00 72.00 94.00 OK

Check Details

Version: 0.3.0
Check: LazyData
Result: NOTE
     'LazyData' is specified without a 'data' directory
Flavors: r-devel-linux-x86_64-debian-clang, r-devel-linux-x86_64-debian-gcc, r-devel-linux-x86_64-fedora-clang, r-devel-linux-x86_64-fedora-gcc, r-devel-windows-x86_64, r-devel-windows-x86_64-gcc10-UCRT, r-patched-linux-x86_64, r-patched-solaris-x86, r-release-linux-x86_64, r-release-macos-arm64, r-release-macos-x86_64, r-release-windows-ix86+x86_64