CRAN Package Check Results for Package globalGSA

Last updated on 2021-06-21 10:52:34 CEST.

Flavor Version Tinstall Tcheck Ttotal Status Flags
r-devel-linux-x86_64-debian-clang 1.0 2.15 30.40 32.55 NOTE
r-devel-linux-x86_64-debian-gcc 1.0 1.61 24.03 25.64 NOTE
r-devel-linux-x86_64-fedora-clang 1.0 49.00 NOTE
r-devel-linux-x86_64-fedora-gcc 1.0 38.84 NOTE
r-devel-windows-x86_64 1.0 4.00 34.00 38.00 NOTE
r-devel-windows-x86_64-gcc10-UCRT 1.0 NOTE
r-patched-linux-x86_64 1.0 1.91 29.84 31.75 NOTE
r-patched-solaris-x86 1.0 60.60 NOTE
r-release-linux-x86_64 1.0 1.88 29.77 31.65 NOTE
r-release-macos-arm64 1.0 NOTE
r-release-macos-x86_64 1.0 NOTE
r-release-windows-ix86+x86_64 1.0 4.00 33.00 37.00 NOTE
r-oldrel-macos-x86_64 1.0 NOTE
r-oldrel-windows-ix86+x86_64 1.0 4.00 35.00 39.00 NOTE

Check Details

Version: 1.0
Check: DESCRIPTION meta-information
Result: NOTE
    Malformed Title field: should not end in a period.
Flavors: r-devel-linux-x86_64-debian-clang, r-devel-linux-x86_64-debian-gcc, r-devel-linux-x86_64-fedora-clang, r-devel-linux-x86_64-fedora-gcc, r-devel-windows-x86_64, r-devel-windows-x86_64-gcc10-UCRT, r-patched-linux-x86_64, r-patched-solaris-x86, r-release-linux-x86_64, r-release-macos-arm64, r-release-macos-x86_64, r-release-windows-ix86+x86_64, r-oldrel-macos-x86_64, r-oldrel-windows-ix86+x86_64

Version: 1.0
Check: R code for possible problems
Result: NOTE
    CreateFormula: no visible global function definition for 'as.formula'
    GeneratePvalues: no visible binding for global variable 'binomial'
    globalARTP: no visible binding for global variable 'binomial'
    globalFisher: no visible binding for global variable 'binomial'
    globalFisher: no visible global function definition for 'pchisq'
    globalSimes: no visible binding for global variable 'binomial'
    pvalFmla: no visible binding for global variable 'binomial'
    pvalFmla: no visible global function definition for 'glm'
    pvalFmla: no visible global function definition for 'anova'
    runPermut: no visible binding for global variable 'binomial'
    runPvalues: no visible binding for global variable 'binomial'
    Undefined global functions or variables:
     anova as.formula binomial glm pchisq
    Consider adding
     importFrom("stats", "anova", "as.formula", "binomial", "glm", "pchisq")
    to your NAMESPACE file.
Flavors: r-devel-linux-x86_64-debian-clang, r-devel-linux-x86_64-debian-gcc, r-devel-linux-x86_64-fedora-clang, r-devel-linux-x86_64-fedora-gcc, r-devel-windows-x86_64, r-devel-windows-x86_64-gcc10-UCRT, r-patched-linux-x86_64, r-patched-solaris-x86, r-release-linux-x86_64, r-release-macos-arm64, r-release-macos-x86_64, r-release-windows-ix86+x86_64, r-oldrel-macos-x86_64, r-oldrel-windows-ix86+x86_64