CRAN Package Check Results for Package glmdisc

Last updated on 2021-06-16 10:52:19 CEST.

Flavor Version Tinstall Tcheck Ttotal Status Flags
r-devel-linux-x86_64-debian-clang 0.6 42.28 440.77 483.05 NOTE
r-devel-linux-x86_64-debian-gcc 0.6 30.86 305.52 336.38 NOTE
r-devel-linux-x86_64-fedora-clang 0.6 564.52 NOTE
r-devel-linux-x86_64-fedora-gcc 0.6 550.98 NOTE
r-devel-windows-x86_64 0.6 61.00 536.00 597.00 NOTE
r-devel-windows-x86_64-gcc10-UCRT 0.6 NOTE
r-patched-linux-x86_64 0.6 37.75 415.53 453.28 NOTE
r-patched-solaris-x86 0.6 736.70 NOTE
r-release-linux-x86_64 0.6 32.36 410.25 442.61 NOTE
r-release-macos-arm64 0.6 NOTE
r-release-macos-x86_64 0.6 NOTE
r-release-windows-ix86+x86_64 0.6 102.00 728.00 830.00 NOTE
r-oldrel-macos-x86_64 0.6 OK
r-oldrel-windows-ix86+x86_64 0.6 108.00 750.00 858.00 OK

Check Details

Version: 0.6
Check: LazyData
Result: NOTE
     'LazyData' is specified without a 'data' directory
Flavors: r-devel-linux-x86_64-debian-clang, r-devel-linux-x86_64-debian-gcc, r-devel-linux-x86_64-fedora-clang, r-devel-linux-x86_64-fedora-gcc, r-devel-windows-x86_64, r-devel-windows-x86_64-gcc10-UCRT, r-patched-linux-x86_64, r-patched-solaris-x86, r-release-linux-x86_64, r-release-macos-arm64, r-release-macos-x86_64, r-release-windows-ix86+x86_64