CRAN Package Check Results for Package ggpointdensity

Last updated on 2021-06-14 10:51:49 CEST.

Flavor Version Tinstall Tcheck Ttotal Status Flags
r-devel-linux-x86_64-debian-clang 0.1.0 3.59 50.20 53.79 NOTE
r-devel-linux-x86_64-debian-gcc 0.1.0 3.14 37.98 41.12 NOTE
r-devel-linux-x86_64-fedora-clang 0.1.0 73.32 NOTE
r-devel-linux-x86_64-fedora-gcc 0.1.0 62.67 NOTE
r-devel-windows-x86_64 0.1.0 9.00 69.00 78.00 NOTE
r-devel-windows-x86_64-gcc10-UCRT 0.1.0 NOTE
r-patched-linux-x86_64 0.1.0 7.91 48.31 56.22 NOTE
r-patched-solaris-x86 0.1.0 89.40 NOTE
r-release-linux-x86_64 0.1.0 3.80 47.45 51.25 NOTE
r-release-macos-arm64 0.1.0 NOTE
r-release-macos-x86_64 0.1.0 NOTE
r-release-windows-ix86+x86_64 0.1.0 22.00 98.00 120.00 NOTE
r-oldrel-macos-x86_64 0.1.0 OK
r-oldrel-windows-ix86+x86_64 0.1.0 21.00 98.00 119.00 OK

Check Details

Version: 0.1.0
Check: LazyData
Result: NOTE
     'LazyData' is specified without a 'data' directory
Flavors: r-devel-linux-x86_64-debian-clang, r-devel-linux-x86_64-debian-gcc, r-devel-linux-x86_64-fedora-clang, r-devel-linux-x86_64-fedora-gcc, r-devel-windows-x86_64, r-devel-windows-x86_64-gcc10-UCRT, r-patched-linux-x86_64, r-patched-solaris-x86, r-release-linux-x86_64, r-release-macos-arm64, r-release-macos-x86_64, r-release-windows-ix86+x86_64