CRAN Package Check Results for Package ggmsa

Last updated on 2021-06-21 10:52:34 CEST.

Flavor Version Tinstall Tcheck Ttotal Status Flags
r-devel-linux-x86_64-debian-clang 0.0.6 17.55 205.03 222.58 NOTE
r-devel-linux-x86_64-debian-gcc 0.0.6 14.48 148.87 163.35 NOTE
r-devel-linux-x86_64-fedora-clang 0.0.6 266.62 NOTE
r-devel-linux-x86_64-fedora-gcc 0.0.6 254.72 NOTE
r-devel-windows-x86_64 0.0.6 25.00 214.00 239.00 NOTE
r-devel-windows-x86_64-gcc10-UCRT 0.0.6 NOTE
r-patched-linux-x86_64 0.0.6 16.29 191.27 207.56 NOTE
r-patched-solaris-x86 0.0.6 402.70 NOTE
r-release-linux-x86_64 0.0.6 13.80 192.80 206.60 NOTE
r-release-macos-arm64 0.0.6 NOTE
r-release-macos-x86_64 0.0.6 NOTE
r-release-windows-ix86+x86_64 0.0.6 40.00 278.00 318.00 NOTE
r-oldrel-macos-x86_64 0.0.6 NOTE

Check Details

Version: 0.0.6
Check: LazyData
Result: NOTE
     'LazyData' is specified without a 'data' directory
Flavors: r-devel-linux-x86_64-debian-clang, r-devel-linux-x86_64-debian-gcc, r-devel-linux-x86_64-fedora-clang, r-devel-linux-x86_64-fedora-gcc, r-devel-windows-x86_64, r-devel-windows-x86_64-gcc10-UCRT, r-patched-linux-x86_64, r-patched-solaris-x86, r-release-linux-x86_64, r-release-macos-arm64, r-release-macos-x86_64, r-release-windows-ix86+x86_64

Version: 0.0.6
Check: package dependencies
Result: NOTE
    Package suggested but not available for checking: ‘ggtree’
Flavors: r-release-macos-arm64, r-release-macos-x86_64, r-oldrel-macos-x86_64