CRAN Package Check Results for Package ggetho

Last updated on 2021-06-21 10:52:34 CEST.

Flavor Version Tinstall Tcheck Ttotal Status Flags
r-devel-linux-x86_64-debian-clang 0.3.6 5.51 166.63 172.14 NOTE
r-devel-linux-x86_64-debian-gcc 0.3.6 4.45 109.16 113.61 NOTE
r-devel-linux-x86_64-fedora-clang 0.3.6 184.12 NOTE
r-devel-linux-x86_64-fedora-gcc 0.3.6 156.41 NOTE
r-devel-windows-x86_64 0.3.6 10.00 121.00 131.00 NOTE
r-devel-windows-x86_64-gcc10-UCRT 0.3.6 NOTE
r-patched-linux-x86_64 0.3.6 9.35 131.42 140.77 NOTE
r-patched-solaris-x86 0.3.6 226.20 NOTE
r-release-linux-x86_64 0.3.6 4.83 135.62 140.45 NOTE
r-release-macos-arm64 0.3.6 NOTE
r-release-macos-x86_64 0.3.6 NOTE
r-release-windows-ix86+x86_64 0.3.6 15.00 149.00 164.00 NOTE
r-oldrel-macos-x86_64 0.3.6 OK

Check Details

Version: 0.3.6
Check: LazyData
Result: NOTE
     'LazyData' is specified without a 'data' directory
Flavors: r-devel-linux-x86_64-debian-clang, r-devel-linux-x86_64-debian-gcc, r-devel-linux-x86_64-fedora-clang, r-devel-linux-x86_64-fedora-gcc, r-devel-windows-x86_64, r-devel-windows-x86_64-gcc10-UCRT, r-patched-linux-x86_64, r-patched-solaris-x86, r-release-linux-x86_64, r-release-macos-arm64, r-release-macos-x86_64, r-release-windows-ix86+x86_64

Version: 0.3.6
Check: package dependencies
Result: NOTE
    Package suggested but not available for checking: 'covr'
Flavor: r-devel-windows-x86_64-gcc10-UCRT