CRAN Package Check Results for Package ggenealogy

Last updated on 2021-06-24 10:52:24 CEST.

Flavor Version Tinstall Tcheck Ttotal Status Flags
r-devel-linux-x86_64-debian-clang 1.0.1 3.74 186.46 190.20 OK
r-devel-linux-x86_64-debian-gcc 1.0.1 3.18 136.96 140.14 OK
r-devel-linux-x86_64-fedora-clang 1.0.1 220.87 NOTE
r-devel-linux-x86_64-fedora-gcc 1.0.1 219.20 NOTE
r-devel-windows-x86_64 1.0.1 7.00 165.00 172.00 OK
r-devel-windows-x86_64-gcc10-UCRT 1.0.1 ERROR
r-patched-linux-x86_64 1.0.1 5.21 177.21 182.42 OK
r-patched-solaris-x86 1.0.1 291.50 NOTE
r-release-linux-x86_64 1.0.1 4.12 179.16 183.28 OK
r-release-macos-arm64 1.0.1 NOTE
r-release-macos-x86_64 1.0.1 NOTE
r-release-windows-ix86+x86_64 1.0.1 6.00 162.00 168.00 OK
r-oldrel-macos-x86_64 1.0.1 NOTE

Check Details

Version: 1.0.1
Check: dependencies in R code
Result: NOTE
    Namespace in Imports field not imported from: ‘tibble’
     All declared Imports should be used.
Flavors: r-devel-linux-x86_64-fedora-clang, r-devel-linux-x86_64-fedora-gcc, r-patched-solaris-x86, r-release-macos-arm64, r-release-macos-x86_64, r-oldrel-macos-x86_64

Version: 1.0.1
Check: data for non-ASCII characters
Result: NOTE
     Note: found 2356 marked UTF-8 strings
Flavors: r-devel-linux-x86_64-fedora-clang, r-devel-linux-x86_64-fedora-gcc, r-patched-solaris-x86, r-release-macos-arm64, r-release-macos-x86_64, r-oldrel-macos-x86_64

Version: 1.0.1
Check: package dependencies
Result: ERROR
    Package required but not available: 'plotly'
    
    See section 'The DESCRIPTION file' in the 'Writing R Extensions'
    manual.
Flavor: r-devel-windows-x86_64-gcc10-UCRT