CRAN Package Check Results for Package ggBubbles

Last updated on 2021-06-17 23:49:24 CEST.

Flavor Version Tinstall Tcheck Ttotal Status Flags
r-devel-linux-x86_64-debian-clang 0.1.4 4.40 58.17 62.57 OK
r-devel-linux-x86_64-debian-gcc 0.1.4 3.48 42.69 46.17 OK
r-devel-linux-x86_64-fedora-clang 0.1.4 82.87 OK
r-devel-linux-x86_64-fedora-gcc 0.1.4 73.53 OK
r-devel-windows-x86_64 0.1.4 10.00 76.00 86.00 OK
r-devel-windows-x86_64-gcc10-UCRT 0.1.4 OK
r-patched-linux-x86_64 0.1.4 3.91 53.39 57.30 OK
r-patched-solaris-x86 0.1.4 91.30 WARN
r-release-linux-x86_64 0.1.4 4.29 53.00 57.29 OK
r-release-macos-arm64 0.1.4 WARN
r-release-macos-x86_64 0.1.4 WARN
r-release-windows-ix86+x86_64 0.1.4 13.00 78.00 91.00 OK
r-oldrel-macos-x86_64 0.1.4 WARN
r-oldrel-windows-ix86+x86_64 0.1.4 10.00 80.00 90.00 OK

Check Details

Version: 0.1.4
Check: re-building of vignette outputs
Result: WARN
    Error(s) in re-building vignettes:
     ...
    --- re-building ‘ggBubbles.Rmd’ using rmarkdown
    Warning in engine$weave(file, quiet = quiet, encoding = enc) :
     Pandoc (>= 1.12.3) not available. Falling back to R Markdown v1.
    Loading required package: knitr
    Loading required package: ggplot2
    Loading required package: ggBubbles
    Quitting from lines 30-40 (ggBubbles.Rmd)
    Error: processing vignette 'ggBubbles.Rmd' failed with diagnostics:
    could not find function "CRANpkg"
    --- failed re-building ‘ggBubbles.Rmd’
    
    SUMMARY: processing the following file failed:
     ‘ggBubbles.Rmd’
    
    Error: Vignette re-building failed.
    Execution halted
Flavors: r-patched-solaris-x86, r-release-macos-arm64, r-release-macos-x86_64

Version: 0.1.4
Check: package dependencies
Result: NOTE
    Package suggested but not available for checking: ‘BiocStyle’
Flavor: r-release-macos-arm64

Version: 0.1.4
Check: re-building of vignette outputs
Result: WARN
    Error(s) in re-building vignettes:
     ...
    --- re-building ‘ggBubbles.Rmd’ using rmarkdown
    Warning in engine$weave(file, quiet = quiet, encoding = enc) :
     Pandoc (>= 1.12.3) and/or pandoc-citeproc not available. Falling back to R Markdown v1.
    Loading required package: knitr
    Loading required package: ggplot2
    Loading required package: ggBubbles
    Quitting from lines 30-40 (ggBubbles.Rmd)
    Error: processing vignette 'ggBubbles.Rmd' failed with diagnostics:
    could not find function "CRANpkg"
    --- failed re-building ‘ggBubbles.Rmd’
    
    SUMMARY: processing the following file failed:
     ‘ggBubbles.Rmd’
    
    Error: Vignette re-building failed.
    Execution halted
Flavor: r-oldrel-macos-x86_64