CRAN Package Check Results for Package gfboost

Last updated on 2021-05-11 23:50:42 CEST.

Flavor Version Tinstall Tcheck Ttotal Status Flags
r-devel-linux-x86_64-debian-clang 0.1.0 9.83 121.34 131.17 NOTE
r-devel-linux-x86_64-debian-gcc 0.1.0 7.35 87.25 94.60 NOTE
r-devel-linux-x86_64-fedora-clang 0.1.0 156.83 NOTE
r-devel-linux-x86_64-fedora-gcc 0.1.0 146.01 NOTE
r-devel-windows-ix86+x86_64 0.1.0 15.00 143.00 158.00 NOTE
r-devel-windows-x86_64-gcc10-UCRT 0.1.0 NOTE
r-patched-linux-x86_64 0.1.0 9.86 114.08 123.94 NOTE
r-patched-solaris-x86 0.1.0 201.40 NOTE
r-release-linux-x86_64 0.1.0 9.33 112.34 121.67 OK
r-release-macos-x86_64 0.1.0 OK
r-release-windows-ix86+x86_64 0.1.0 14.00 113.00 127.00 OK
r-oldrel-macos-x86_64 0.1.0 OK
r-oldrel-windows-ix86+x86_64 0.1.0 18.00 136.00 154.00 OK

Check Details

Version: 0.1.0
Check: LazyData
Result: NOTE
     'LazyData' is specified without a 'data' directory
Flavors: r-devel-linux-x86_64-debian-clang, r-devel-linux-x86_64-debian-gcc, r-devel-linux-x86_64-fedora-clang, r-devel-linux-x86_64-fedora-gcc, r-devel-windows-ix86+x86_64, r-devel-windows-x86_64-gcc10-UCRT, r-patched-linux-x86_64, r-patched-solaris-x86