CRAN Package Check Results for Package getProxy

Last updated on 2021-06-15 10:49:50 CEST.

Flavor Version Tinstall Tcheck Ttotal Status Flags
r-devel-linux-x86_64-debian-clang 1.12 2.61 29.09 31.70 OK
r-devel-linux-x86_64-debian-gcc 1.12 2.12 22.76 24.88 OK
r-devel-linux-x86_64-fedora-clang 1.12 47.48 NOTE
r-devel-linux-x86_64-fedora-gcc 1.12 36.76 NOTE
r-devel-windows-x86_64 1.12 4.00 45.00 49.00 OK
r-devel-windows-x86_64-gcc10-UCRT 1.12 NOTE
r-patched-linux-x86_64 1.12 2.40 28.20 30.60 OK
r-patched-solaris-x86 1.12 63.10 NOTE
r-release-linux-x86_64 1.12 2.37 28.17 30.54 OK
r-release-macos-arm64 1.12 NOTE
r-release-macos-x86_64 1.12 NOTE
r-release-windows-ix86+x86_64 1.12 6.00 45.00 51.00 OK
r-oldrel-macos-x86_64 1.12 NOTE
r-oldrel-windows-ix86+x86_64 1.12 7.00 47.00 54.00 OK

Check Details

Version: 1.12
Check: dependencies in R code
Result: NOTE
    Namespaces in Imports field not imported from:
     ‘bitops’ ‘data.table’ ‘dplyr’ ‘httr’
     All declared Imports should be used.
Flavors: r-devel-linux-x86_64-fedora-clang, r-devel-linux-x86_64-fedora-gcc, r-devel-windows-x86_64-gcc10-UCRT, r-patched-solaris-x86, r-release-macos-arm64, r-release-macos-x86_64, r-oldrel-macos-x86_64