CRAN Package Check Results for Package geomapdata

Last updated on 2021-06-19 10:52:02 CEST.

Flavor Version Tinstall Tcheck Ttotal Status Flags
r-devel-linux-x86_64-debian-clang 1.0-4 3.74 36.62 40.36 NOTE
r-devel-linux-x86_64-debian-gcc 1.0-4 2.45 30.22 32.67 NOTE
r-devel-linux-x86_64-fedora-clang 1.0-4 56.94 NOTE
r-devel-linux-x86_64-fedora-gcc 1.0-4 47.58 NOTE
r-devel-windows-x86_64 1.0-4 5.00 45.00 50.00 NOTE
r-devel-windows-x86_64-gcc10-UCRT 1.0-4 NOTE
r-patched-linux-x86_64 1.0-4 3.64 35.77 39.41 NOTE
r-patched-solaris-x86 1.0-4 77.30 NOTE
r-release-linux-x86_64 1.0-4 4.12 35.96 40.08 NOTE
r-release-macos-arm64 1.0-4 NOTE
r-release-macos-x86_64 1.0-4 NOTE
r-release-windows-ix86+x86_64 1.0-4 6.00 45.00 51.00 NOTE
r-oldrel-macos-x86_64 1.0-4 NOTE
r-oldrel-windows-ix86+x86_64 1.0-4 5.00 57.00 62.00 NOTE

Check Details

Version: 1.0-4
Check: DESCRIPTION meta-information
Result: NOTE
    Malformed Description field: should contain one or more complete sentences.
Flavors: r-devel-linux-x86_64-debian-clang, r-devel-linux-x86_64-debian-gcc, r-devel-linux-x86_64-fedora-clang, r-devel-linux-x86_64-fedora-gcc, r-devel-windows-x86_64, r-devel-windows-x86_64-gcc10-UCRT, r-patched-linux-x86_64, r-patched-solaris-x86, r-release-linux-x86_64, r-release-macos-arm64, r-release-macos-x86_64, r-release-windows-ix86+x86_64, r-oldrel-macos-x86_64, r-oldrel-windows-ix86+x86_64

Version: 1.0-4
Check: Rd line widths
Result: NOTE
    Rd file 'fujitopo.Rd':
     \examples lines wider than 100 characters:
     PLOC=list(LON=range(fujitopo$lon), x=range(fujitopo$lon), LAT=range(fujitopo$lat), y=range(fujitopo$lat))
    
    These lines will be truncated in the PDF manual.
Flavors: r-devel-linux-x86_64-debian-clang, r-devel-linux-x86_64-debian-gcc, r-devel-linux-x86_64-fedora-clang, r-devel-linux-x86_64-fedora-gcc, r-patched-linux-x86_64, r-release-linux-x86_64

Version: 1.0-4
Check: installed package size
Result: NOTE
     installed size is 26.1Mb
     sub-directories of 1Mb or more:
     data 26.0Mb
Flavors: r-devel-linux-x86_64-fedora-clang, r-devel-windows-x86_64, r-patched-solaris-x86, r-release-macos-arm64, r-release-macos-x86_64, r-release-windows-ix86+x86_64, r-oldrel-macos-x86_64, r-oldrel-windows-ix86+x86_64