CRAN Package Check Results for Package genetics

Last updated on 2021-06-21 10:52:34 CEST.

Flavor Version Tinstall Tcheck Ttotal Status Flags
r-devel-linux-x86_64-debian-clang 1.3.8.1.3 6.51 68.34 74.85 OK
r-devel-linux-x86_64-debian-gcc 1.3.8.1.3 4.34 50.16 54.50 OK
r-devel-linux-x86_64-fedora-clang 1.3.8.1.3 95.90 NOTE
r-devel-linux-x86_64-fedora-gcc 1.3.8.1.3 87.38 OK
r-devel-windows-x86_64 1.3.8.1.3 8.00 60.00 68.00 OK
r-devel-windows-x86_64-gcc10-UCRT 1.3.8.1.3 OK
r-patched-linux-x86_64 1.3.8.1.3 6.08 64.40 70.48 OK
r-patched-solaris-x86 1.3.8.1.3 103.20 OK
r-release-linux-x86_64 1.3.8.1.3 5.17 63.97 69.14 OK
r-release-macos-arm64 1.3.8.1.3 OK
r-release-macos-x86_64 1.3.8.1.3 OK
r-release-windows-ix86+x86_64 1.3.8.1.3 11.00 81.00 92.00 OK
r-oldrel-macos-x86_64 1.3.8.1.3 OK
r-oldrel-windows-ix86+x86_64 1.3.8.1.3 9.00 0.00 9.00 OK

Check Details

Version: 1.3.8.1.3
Check: Rd cross-references
Result: NOTE
    Undeclared package ‘bootstrap’ in Rd xrefs
Flavor: r-devel-linux-x86_64-fedora-clang