CRAN Package Check Results for Package gconsensus

Last updated on 2021-06-19 10:52:02 CEST.

Flavor Version Tinstall Tcheck Ttotal Status Flags
r-devel-linux-x86_64-debian-clang 0.3.0 5.61 39.33 44.94 OK
r-devel-linux-x86_64-debian-gcc 0.3.0 5.21 29.79 35.00 OK
r-devel-linux-x86_64-fedora-clang 0.3.0 62.85 OK
r-devel-linux-x86_64-fedora-gcc 0.3.0 52.71 OK
r-devel-windows-x86_64 0.3.0 10.00 40.00 50.00 OK
r-devel-windows-x86_64-gcc10-UCRT 0.3.0 OK
r-patched-linux-x86_64 0.3.0 6.23 37.97 44.20 OK
r-patched-solaris-x86 0.3.0 74.80 OK
r-release-linux-x86_64 0.3.0 5.41 37.86 43.27 OK
r-release-macos-arm64 0.3.0 ERROR
r-release-macos-x86_64 0.3.0 OK
r-release-windows-ix86+x86_64 0.3.0 12.00 40.00 52.00 OK
r-oldrel-macos-x86_64 0.3.0 OK
r-oldrel-windows-ix86+x86_64 0.3.0 8.00 50.00 58.00 OK

Check Details

Version: 0.3.0
Check: package dependencies
Result: ERROR
    Package required but not available: ‘rjags’
    
    See section ‘The DESCRIPTION file’ in the ‘Writing R Extensions’
    manual.
Flavor: r-release-macos-arm64