CRAN Package Check Results for Package ganalytics

Last updated on 2021-06-12 23:49:07 CEST.

Flavor Version Tinstall Tcheck Ttotal Status Flags
r-devel-linux-x86_64-debian-clang 0.10.7 67.60 120.79 188.39 NOTE
r-devel-linux-x86_64-debian-gcc 0.10.7 58.66 89.97 148.63 NOTE
r-devel-linux-x86_64-fedora-clang 0.10.7 240.26 NOTE
r-devel-linux-x86_64-fedora-gcc 0.10.7 230.01 NOTE
r-devel-windows-x86_64 0.10.7 102.00 148.00 250.00 NOTE
r-devel-windows-x86_64-gcc10-UCRT 0.10.7 NOTE
r-patched-linux-x86_64 0.10.7 67.13 114.03 181.16 NOTE
r-patched-solaris-x86 0.10.7 293.10 NOTE
r-release-linux-x86_64 0.10.7 62.48 113.71 176.19 NOTE
r-release-macos-arm64 0.10.7 NOTE
r-release-macos-x86_64 0.10.7 NOTE
r-release-windows-ix86+x86_64 0.10.7 108.00 144.00 252.00 NOTE
r-oldrel-macos-x86_64 0.10.7 OK
r-oldrel-windows-ix86+x86_64 0.10.7 112.00 150.00 262.00 OK

Check Details

Version: 0.10.7
Check: LazyData
Result: NOTE
     'LazyData' is specified without a 'data' directory
Flavors: r-devel-linux-x86_64-debian-clang, r-devel-linux-x86_64-debian-gcc, r-devel-linux-x86_64-fedora-clang, r-devel-linux-x86_64-fedora-gcc, r-devel-windows-x86_64, r-devel-windows-x86_64-gcc10-UCRT, r-patched-linux-x86_64, r-patched-solaris-x86, r-release-linux-x86_64, r-release-macos-arm64, r-release-macos-x86_64, r-release-windows-ix86+x86_64