CRAN Package Check Results for Package gamRR

Last updated on 2021-06-21 10:52:33 CEST.

Flavor Version Tinstall Tcheck Ttotal Status Flags
r-devel-linux-x86_64-debian-clang 0.7.0 8.01 59.24 67.25 NOTE
r-devel-linux-x86_64-debian-gcc 0.7.0 5.73 46.51 52.24 NOTE
r-devel-linux-x86_64-fedora-clang 0.7.0 89.18 NOTE
r-devel-linux-x86_64-fedora-gcc 0.7.0 78.97 NOTE
r-devel-windows-x86_64 0.7.0 10.00 60.00 70.00 NOTE
r-devel-windows-x86_64-gcc10-UCRT 0.7.0 NOTE
r-patched-linux-x86_64 0.7.0 7.43 57.12 64.55 NOTE
r-patched-solaris-x86 0.7.0 114.70 NOTE
r-release-linux-x86_64 0.7.0 7.19 57.72 64.91 NOTE
r-release-macos-arm64 0.7.0 NOTE
r-release-macos-x86_64 0.7.0 NOTE
r-release-windows-ix86+x86_64 0.7.0 16.00 58.00 74.00 NOTE
r-oldrel-macos-x86_64 0.7.0 OK
r-oldrel-windows-ix86+x86_64 0.7.0 12.00 0.00 12.00 OK

Check Details

Version: 0.7.0
Check: LazyData
Result: NOTE
     'LazyData' is specified without a 'data' directory
Flavors: r-devel-linux-x86_64-debian-clang, r-devel-linux-x86_64-debian-gcc, r-devel-linux-x86_64-fedora-clang, r-devel-linux-x86_64-fedora-gcc, r-devel-windows-x86_64, r-devel-windows-x86_64-gcc10-UCRT, r-patched-linux-x86_64, r-patched-solaris-x86, r-release-linux-x86_64, r-release-macos-arm64, r-release-macos-x86_64, r-release-windows-ix86+x86_64