CRAN Package Check Results for Package galvanizer

Last updated on 2021-06-20 23:49:44 CEST.

Flavor Version Tinstall Tcheck Ttotal Status Flags
r-devel-linux-x86_64-debian-clang 0.5.3 6.47 60.95 67.42 OK
r-devel-linux-x86_64-debian-gcc 0.5.3 5.63 45.14 50.77 OK
r-devel-linux-x86_64-fedora-clang 0.5.3 89.85 OK
r-devel-linux-x86_64-fedora-gcc 0.5.3 75.86 OK
r-devel-windows-x86_64 0.5.3 12.00 86.00 98.00 OK
r-devel-windows-x86_64-gcc10-UCRT 0.5.3 ERROR
r-patched-linux-x86_64 0.5.3 7.56 56.21 63.77 OK
r-patched-solaris-x86 0.5.3 109.60 OK
r-release-linux-x86_64 0.5.3 7.00 56.46 63.46 OK
r-release-macos-arm64 0.5.3 OK
r-release-macos-x86_64 0.5.3 OK
r-release-windows-ix86+x86_64 0.5.3 15.00 76.00 91.00 OK
r-oldrel-macos-x86_64 0.5.3 OK

Check Details

Version: 0.5.3
Check: package dependencies
Result: ERROR
    Package required but not available: 'httr'
    
    See section 'The DESCRIPTION file' in the 'Writing R Extensions'
    manual.
Flavor: r-devel-windows-x86_64-gcc10-UCRT