CRAN Package Check Results for Package functiondepends

Last updated on 2021-06-21 10:52:33 CEST.

Flavor Version Tinstall Tcheck Ttotal Status Flags
r-devel-linux-x86_64-debian-clang 0.2.1 2.03 32.97 35.00 NOTE
r-devel-linux-x86_64-debian-gcc 0.2.1 1.55 25.56 27.11 NOTE
r-devel-linux-x86_64-fedora-clang 0.2.1 51.28 NOTE
r-devel-linux-x86_64-fedora-gcc 0.2.1 41.53 NOTE
r-devel-windows-x86_64 0.2.1 4.00 37.00 41.00 NOTE
r-devel-windows-x86_64-gcc10-UCRT 0.2.1 NOTE
r-patched-linux-x86_64 0.2.1 2.05 31.19 33.24 NOTE
r-patched-solaris-x86 0.2.1 63.90 NOTE
r-release-linux-x86_64 0.2.1 1.74 31.63 33.37 NOTE
r-release-macos-arm64 0.2.1 NOTE
r-release-macos-x86_64 0.2.1 NOTE
r-release-windows-ix86+x86_64 0.2.1 5.00 49.00 54.00 NOTE
r-oldrel-macos-x86_64 0.2.1 OK

Check Details

Version: 0.2.1
Check: LazyData
Result: NOTE
     'LazyData' is specified without a 'data' directory
Flavors: r-devel-linux-x86_64-debian-clang, r-devel-linux-x86_64-debian-gcc, r-devel-linux-x86_64-fedora-clang, r-devel-linux-x86_64-fedora-gcc, r-devel-windows-x86_64, r-devel-windows-x86_64-gcc10-UCRT, r-patched-linux-x86_64, r-patched-solaris-x86, r-release-linux-x86_64, r-release-macos-arm64, r-release-macos-x86_64, r-release-windows-ix86+x86_64

Version: 0.2.1
Check: package dependencies
Result: NOTE
    Package suggested but not available for checking: 'covr'
Flavor: r-devel-windows-x86_64-gcc10-UCRT