CRAN Package Check Results for Package forwards

Last updated on 2021-06-24 10:52:23 CEST.

Flavor Version Tinstall Tcheck Ttotal Status Flags
r-devel-linux-x86_64-debian-clang 0.1.3 1.75 29.37 31.12 OK
r-devel-linux-x86_64-debian-gcc 0.1.3 1.43 23.11 24.54 OK
r-devel-linux-x86_64-fedora-clang 0.1.3 46.15 OK
r-devel-linux-x86_64-fedora-gcc 0.1.3 37.27 OK
r-devel-windows-x86_64 0.1.3 4.00 34.00 38.00 OK
r-devel-windows-x86_64-gcc10-UCRT 0.1.3 WARN
r-patched-linux-x86_64 0.1.3 1.85 28.83 30.68 OK
r-patched-solaris-x86 0.1.3 55.90 OK
r-release-linux-x86_64 0.1.3 1.70 28.68 30.38 OK
r-release-macos-arm64 0.1.3 OK
r-release-macos-x86_64 0.1.3 OK
r-release-windows-ix86+x86_64 0.1.3 6.00 34.00 40.00 OK
r-oldrel-macos-x86_64 0.1.3 OK

Check Details

Version: 0.1.3
Check: package dependencies
Result: NOTE
    Package suggested but not available for checking: 'FactoMineR'
Flavor: r-devel-windows-x86_64-gcc10-UCRT

Version: 0.1.3
Check: re-building of vignette outputs
Result: WARN
    Error(s) in re-building vignettes:
     ...
    --- re-building 'Overview.Rmd' using rmarkdown
    
    Attaching package: 'dplyr'
    
    The following objects are masked from 'package:stats':
    
     filter, lag
    
    The following objects are masked from 'package:base':
    
     intersect, setdiff, setequal, union
    
    Quitting from lines 25-33 (Overview.Rmd)
    Error: processing vignette 'Overview.Rmd' failed with diagnostics:
    there is no package called 'FactoMineR'
    --- failed re-building 'Overview.Rmd'
    
    SUMMARY: processing the following file failed:
     'Overview.Rmd'
    
    Error: Vignette re-building failed.
    Execution halted
Flavor: r-devel-windows-x86_64-gcc10-UCRT