CRAN Package Check Results for Package formula.tools

Last updated on 2021-06-12 23:49:07 CEST.

Flavor Version Tinstall Tcheck Ttotal Status Flags
r-devel-linux-x86_64-debian-clang 1.7.1 3.13 29.21 32.34 NOTE
r-devel-linux-x86_64-debian-gcc 1.7.1 2.81 23.30 26.11 NOTE
r-devel-linux-x86_64-fedora-clang 1.7.1 49.03 NOTE
r-devel-linux-x86_64-fedora-gcc 1.7.1 38.09 NOTE
r-devel-windows-x86_64 1.7.1 7.00 46.00 53.00 NOTE
r-devel-windows-x86_64-gcc10-UCRT 1.7.1 NOTE
r-patched-linux-x86_64 1.7.1 3.14 28.14 31.28 NOTE
r-patched-solaris-x86 1.7.1 59.10 NOTE
r-release-linux-x86_64 1.7.1 2.92 27.99 30.91 NOTE
r-release-macos-arm64 1.7.1 NOTE
r-release-macos-x86_64 1.7.1 NOTE
r-release-windows-ix86+x86_64 1.7.1 6.00 44.00 50.00 NOTE
r-oldrel-macos-x86_64 1.7.1 OK
r-oldrel-windows-ix86+x86_64 1.7.1 6.00 45.00 51.00 OK

Check Details

Version: 1.7.1
Check: LazyData
Result: NOTE
     'LazyData' is specified without a 'data' directory
Flavors: r-devel-linux-x86_64-debian-clang, r-devel-linux-x86_64-debian-gcc, r-devel-linux-x86_64-fedora-clang, r-devel-linux-x86_64-fedora-gcc, r-devel-windows-x86_64, r-devel-windows-x86_64-gcc10-UCRT, r-patched-linux-x86_64, r-patched-solaris-x86, r-release-linux-x86_64, r-release-macos-arm64, r-release-macos-x86_64, r-release-windows-ix86+x86_64