CRAN Package Check Results for Package foolbox

Last updated on 2021-06-20 23:49:43 CEST.

Flavor Version Tinstall Tcheck Ttotal Status Flags
r-devel-linux-x86_64-debian-clang 0.1.1 3.06 61.33 64.39 NOTE
r-devel-linux-x86_64-debian-gcc 0.1.1 2.01 44.56 46.57 NOTE
r-devel-linux-x86_64-fedora-clang 0.1.1 83.70 NOTE
r-devel-linux-x86_64-fedora-gcc 0.1.1 79.97 NOTE
r-devel-windows-x86_64 0.1.1 5.00 65.00 70.00 NOTE
r-devel-windows-x86_64-gcc10-UCRT 0.1.1 NOTE
r-patched-linux-x86_64 0.1.1 2.96 59.37 62.33 NOTE
r-patched-solaris-x86 0.1.1 106.30 NOTE
r-release-linux-x86_64 0.1.1 2.88 59.27 62.15 NOTE
r-release-macos-arm64 0.1.1 NOTE
r-release-macos-x86_64 0.1.1 NOTE
r-release-windows-ix86+x86_64 0.1.1 7.00 84.00 91.00 NOTE
r-oldrel-macos-x86_64 0.1.1 OK

Check Details

Version: 0.1.1
Check: LazyData
Result: NOTE
     'LazyData' is specified without a 'data' directory
Flavors: r-devel-linux-x86_64-debian-clang, r-devel-linux-x86_64-debian-gcc, r-devel-linux-x86_64-fedora-clang, r-devel-linux-x86_64-fedora-gcc, r-devel-windows-x86_64, r-devel-windows-x86_64-gcc10-UCRT, r-patched-linux-x86_64, r-patched-solaris-x86, r-release-linux-x86_64, r-release-macos-arm64, r-release-macos-x86_64, r-release-windows-ix86+x86_64

Version: 0.1.1
Check: package dependencies
Result: NOTE
    Package suggested but not available for checking: 'covr'
Flavor: r-devel-windows-x86_64-gcc10-UCRT